{"id":904,"date":"2022-02-11T08:22:37","date_gmt":"2022-02-11T07:22:37","guid":{"rendered":"https:\/\/test.institut-frei-raum.ch\/?page_id=904"},"modified":"2022-02-14T09:45:42","modified_gmt":"2022-02-14T08:45:42","slug":"seminare-zur-lebenspflege","status":"publish","type":"page","link":"https:\/\/test.institut-frei-raum.ch\/index.php\/seminare-zur-lebenspflege\/","title":{"rendered":"Seminare Lebenspflege"},"content":{"rendered":"<p>[et_pb_section fb_built=&#8220;1&#8243; _builder_version=&#8220;4.14.7&#8243; use_background_color_gradient=&#8220;on&#8220; background_color_gradient_start=&#8220;rgba(255,255,255,0.5)&#8220; background_color_gradient_end=&#8220;#ffffff&#8220; background_color_gradient_overlays_image=&#8220;on&#8220; background_image=&#8220;https:\/\/test.institut-frei-raum.ch\/wp-content\/uploads\/2022\/02\/lecture-3986809_1920.jpg&#8220; custom_margin=&#8220;||||false&#8220; custom_padding=&#8220;7vw||4vw||false|false&#8220; global_colors_info=&#8220;{}&#8220;][et_pb_row _builder_version=&#8220;3.25&#8243; animation_style=&#8220;fade&#8220; global_colors_info=&#8220;{}&#8220;][et_pb_column type=&#8220;4_4&#8243; _builder_version=&#8220;3.25&#8243; custom_padding=&#8220;|||&#8220; global_colors_info=&#8220;{}&#8220; custom_padding__hover=&#8220;|||&#8220;][et_pb_text _builder_version=&#8220;4.14.7&#8243; text_font=&#8220;||||||||&#8220; text_text_color=&#8220;#000000&#8243; text_font_size=&#8220;18px&#8220; text_line_height=&#8220;2em&#8220; header_font=&#8220;|300|||||||&#8220; header_text_color=&#8220;#63ba00&#8243; header_font_size=&#8220;50px&#8220; header_line_height=&#8220;1.4em&#8220; text_orientation=&#8220;center&#8220; max_width=&#8220;700px&#8220; module_alignment=&#8220;center&#8220; header_font_size_tablet=&#8220;40px&#8220; header_font_size_phone=&#8220;32px&#8220; header_font_size_last_edited=&#8220;on|desktop&#8220; text_text_shadow_style=&#8220;preset1&#8243; global_colors_info=&#8220;{}&#8220;]<\/p>\n<h1>Seminare zur Lebenspflege<\/h1>\n<h2>Aufzeichnungen von Online- und Pr\u00e4senzseminaren f\u00fcr Gesundheit, Pers\u00f6nlichkeitsentwicklung und Lebenspflege.<\/h2>\n<p>[\/et_pb_text][\/et_pb_column][\/et_pb_row][\/et_pb_section][et_pb_section fb_built=&#8220;1&#8243; _builder_version=&#8220;4.14.7&#8243; _module_preset=&#8220;default&#8220; background_color=&#8220;rgba(148,242,101,0.25)&#8220; global_colors_info=&#8220;{}&#8220;][et_pb_row column_structure=&#8220;1_5,3_5,1_5&#8243; _builder_version=&#8220;4.14.7&#8243; _module_preset=&#8220;default&#8220; background_color=&#8220;rgba(148,242,101,0.33)&#8220; min_height=&#8220;92px&#8220; global_colors_info=&#8220;{}&#8220;][et_pb_column type=&#8220;1_5&#8243; _builder_version=&#8220;4.14.7&#8243; _module_preset=&#8220;default&#8220; global_colors_info=&#8220;{}&#8220;][\/et_pb_column][et_pb_column type=&#8220;3_5&#8243; _builder_version=&#8220;4.14.7&#8243; _module_preset=&#8220;default&#8220; global_colors_info=&#8220;{}&#8220;][et_pb_text _builder_version=&#8220;4.14.7&#8243; _module_preset=&#8220;default&#8220; header_font=&#8220;|||on|||||&#8220; header_text_shadow_style=&#8220;preset1&#8243; global_colors_info=&#8220;{}&#8220;]<\/p>\n<h1 style=\"text-align: center;\">Verf\u00fcgbare Aufzeichnungen<\/h1>\n<p>[\/et_pb_text][\/et_pb_column][et_pb_column type=&#8220;1_5&#8243; _builder_version=&#8220;4.14.7&#8243; _module_preset=&#8220;default&#8220; global_colors_info=&#8220;{}&#8220;][\/et_pb_column][\/et_pb_row][et_pb_row column_structure=&#8220;1_3,1_3,1_3&#8243; _builder_version=&#8220;4.14.7&#8243; _module_preset=&#8220;default&#8220; global_colors_info=&#8220;{}&#8220;][et_pb_column type=&#8220;1_3&#8243; _builder_version=&#8220;4.14.7&#8243; _module_preset=&#8220;default&#8220; global_colors_info=&#8220;{}&#8220;][et_pb_blurb title=&#8220;Vortrag&#8220; image=&#8220;https:\/\/test.institut-frei-raum.ch\/wp-content\/uploads\/2022\/02\/lens-3143893_1920.jpg&#8220; _builder_version=&#8220;4.14.7&#8243; _module_preset=&#8220;default&#8220; header_level=&#8220;h3&#8243; header_text_color=&#8220;#000000&#8243; body_text_color=&#8220;#000000&#8243; global_colors_info=&#8220;{}&#8220;]<\/p>\n<p>Beschreibung<strong><br \/><\/strong><\/p>\n<p>[\/et_pb_blurb][et_pb_button button_url=&#8220;@ET-DC@eyJkeW5hbWljIjp0cnVlLCJjb250ZW50IjoicG9zdF9saW5rX3VybF9wYWdlIiwic2V0dGluZ3MiOnsicG9zdF9pZCI6IjMwMiJ9fQ==@&#8220; button_text=&#8220;In Arbeit&#8220; button_alignment=&#8220;right&#8220; _builder_version=&#8220;4.14.7&#8243; _dynamic_attributes=&#8220;button_url&#8220; _module_preset=&#8220;default&#8220; custom_button=&#8220;on&#8220; button_text_size=&#8220;14px&#8220; button_text_color=&#8220;#FFFFFF&#8220; button_bg_color=&#8220;#E09900&#8243; button_border_width=&#8220;4px&#8220; button_border_color=&#8220;#E09900&#8243; button_border_radius=&#8220;100px&#8220; button_font=&#8220;|||on|||||&#8220; button_icon_color=&#8220;#E09900&#8243; global_colors_info=&#8220;{}&#8220;][\/et_pb_button][\/et_pb_column][et_pb_column type=&#8220;1_3&#8243; _builder_version=&#8220;4.14.7&#8243; _module_preset=&#8220;default&#8220; global_colors_info=&#8220;{}&#8220;][et_pb_blurb title=&#8220;Gesundheits-Datenbank&#8220; image=&#8220;https:\/\/test.institut-frei-raum.ch\/wp-content\/uploads\/2022\/02\/system-3599932_1920.jpg&#8220; _builder_version=&#8220;4.14.7&#8243; _module_preset=&#8220;default&#8220; header_level=&#8220;h3&#8243; header_text_color=&#8220;#000000&#8243; body_text_color=&#8220;#000000&#8243; global_colors_info=&#8220;{}&#8220;]<\/p>\n<p>Hier<strong> findest<\/strong> Du schnell<strong> Videos und Infos<\/strong> zum Thema <strong>Lebenspflege.<\/strong> Da stelle ich alles aus meinen Vortr\u00e4gen hinein und Indexiere es damit Du es <strong>schnell finden<\/strong> kannst.<\/p>\n<p>[\/et_pb_blurb][et_pb_button button_url=&#8220;@ET-DC@eyJkeW5hbWljIjp0cnVlLCJjb250ZW50IjoicG9zdF9saW5rX3VybF9wYWdlIiwic2V0dGluZ3MiOnsicG9zdF9pZCI6IjMwMiJ9fQ==@&#8220; button_text=&#8220;In Arbeit&#8220; button_alignment=&#8220;right&#8220; _builder_version=&#8220;4.14.7&#8243; _dynamic_attributes=&#8220;button_url&#8220; _module_preset=&#8220;default&#8220; custom_button=&#8220;on&#8220; button_text_size=&#8220;14px&#8220; button_text_color=&#8220;#FFFFFF&#8220; button_bg_color=&#8220;#E09900&#8243; button_border_width=&#8220;4px&#8220; button_border_color=&#8220;#E09900&#8243; button_border_radius=&#8220;100px&#8220; button_font=&#8220;|||on|||||&#8220; button_icon_color=&#8220;#E09900&#8243; global_colors_info=&#8220;{}&#8220;][\/et_pb_button][\/et_pb_column][et_pb_column type=&#8220;1_3&#8243; _builder_version=&#8220;4.14.7&#8243; _module_preset=&#8220;default&#8220; global_colors_info=&#8220;{}&#8220;][\/et_pb_column][\/et_pb_row][\/et_pb_section]<\/p>\n","protected":false},"excerpt":{"rendered":"<p>Seminare zur Lebenspflege Aufzeichnungen von Online- und Pr\u00e4senzseminaren f\u00fcr Gesundheit, Pers\u00f6nlichkeitsentwicklung und Lebenspflege.Verf\u00fcgbare AufzeichnungenBeschreibungHier findest Du schnell Videos und Infos zum Thema Lebenspflege. Da stelle ich alles aus meinen Vortr\u00e4gen hinein und Indexiere es damit Du es schnell finden kannst.<\/p>\n","protected":false},"author":1,"featured_media":0,"parent":0,"menu_order":0,"comment_status":"closed","ping_status":"closed","template":"","meta":{"_et_pb_use_builder":"on","_et_pb_old_content":"","_et_gb_content_width":"","footnotes":""},"class_list":["post-904","page","type-page","status-publish","hentry"],"_links":{"self":[{"href":"https:\/\/test.institut-frei-raum.ch\/index.php\/wp-json\/wp\/v2\/pages\/904","targetHints":{"allow":["GET"]}}],"collection":[{"href":"https:\/\/test.institut-frei-raum.ch\/index.php\/wp-json\/wp\/v2\/pages"}],"about":[{"href":"https:\/\/test.institut-frei-raum.ch\/index.php\/wp-json\/wp\/v2\/types\/page"}],"author":[{"embeddable":true,"href":"https:\/\/test.institut-frei-raum.ch\/index.php\/wp-json\/wp\/v2\/users\/1"}],"replies":[{"embeddable":true,"href":"https:\/\/test.institut-frei-raum.ch\/index.php\/wp-json\/wp\/v2\/comments?post=904"}],"version-history":[{"count":10,"href":"https:\/\/test.institut-frei-raum.ch\/index.php\/wp-json\/wp\/v2\/pages\/904\/revisions"}],"predecessor-version":[{"id":1096,"href":"https:\/\/test.institut-frei-raum.ch\/index.php\/wp-json\/wp\/v2\/pages\/904\/revisions\/1096"}],"wp:attachment":[{"href":"https:\/\/test.institut-frei-raum.ch\/index.php\/wp-json\/wp\/v2\/media?parent=904"}],"curies":[{"name":"wp","href":"https:\/\/api.w.org\/{rel}","templated":true}]}}

<p>[et_pb_section fb_built=&#8220;1&#8243; _builder_version=&#8220;4.14.7&#8243; use_background_color_gradient=&#8220;on&#8220; background_color_gradient_start=&#8220;rgba(255,255,255,0.5)&#8220; background_color_gradient_end=&#8220;#ffffff&#8220; background_color_gradient_overlays_image=&#8220;on&#8220; background_image=&#8220;https://test.institut-frei-raum.ch/wp-content/uploads/2022/02/lecture-3986809_1920.jpg&#8220; custom_margin=&#8220;||||false&#8220; custom_padding=&#8220;7vw||4vw||false|false&#8220; global_colors_info=&#8220;{}&#8220;][et_pb_row _builder_version=&#8220;3.25&#8243; animation_style=&#8220;fade&#8220; global_colors_info=&#8220;{}&#8220;][et_pb_column type=&#8220;4_4&#8243; _builder_version=&#8220;3.25&#8243; custom_padding=&#8220;|||&#8220; global_colors_info=&#8220;{}&#8220; custom_padding__hover=&#8220;|||&#8220;][et_pb_text _builder_version=&#8220;4.14.7&#8243; text_font=&#8220;||||||||&#8220; text_text_color=&#8220;#000000&#8243; text_font_size=&#8220;18px&#8220; text_line_height=&#8220;2em&#8220; header_font=&#8220;|300|||||||&#8220; header_text_color=&#8220;#63ba00&#8243; header_font_size=&#8220;50px&#8220; header_line_height=&#8220;1.4em&#8220; text_orientation=&#8220;center&#8220; max_width=&#8220;700px&#8220; module_alignment=&#8220;center&#8220; header_font_size_tablet=&#8220;40px&#8220; header_font_size_phone=&#8220;32px&#8220; header_font_size_last_edited=&#8220;on|desktop&#8220; text_text_shadow_style=&#8220;preset1&#8243; global_colors_info=&#8220;{}&#8220;]</p>
<h1>Seminare zur Lebenspflege</h1>
<h2>Aufzeichnungen von Online- und Präsenzseminaren für Gesundheit, Persönlichkeitsentwicklung und Lebenspflege.</h2>
<p>[/et_pb_text][/et_pb_column][/et_pb_row][/et_pb_section][et_pb_section fb_built=&#8220;1&#8243; _builder_version=&#8220;4.14.7&#8243; _module_preset=&#8220;default&#8220; background_color=&#8220;rgba(148,242,101,0.25)&#8220; global_colors_info=&#8220;{}&#8220;][et_pb_row column_structure=&#8220;1_5,3_5,1_5&#8243; _builder_version=&#8220;4.14.7&#8243; _module_preset=&#8220;default&#8220; background_color=&#8220;rgba(148,242,101,0.33)&#8220; min_height=&#8220;92px&#8220; global_colors_info=&#8220;{}&#8220;][et_pb_column type=&#8220;1_5&#8243; _builder_version=&#8220;4.14.7&#8243; _module_preset=&#8220;default&#8220; global_colors_info=&#8220;{}&#8220;][/et_pb_column][et_pb_column type=&#8220;3_5&#8243; _builder_version=&#8220;4.14.7&#8243; _module_preset=&#8220;default&#8220; global_colors_info=&#8220;{}&#8220;][et_pb_text _builder_version=&#8220;4.14.7&#8243; _module_preset=&#8220;default&#8220; header_font=&#8220;|||on|||||&#8220; header_text_shadow_style=&#8220;preset1&#8243; global_colors_info=&#8220;{}&#8220;]</p>
<h1 style="text-align: center;">Verfügbare Aufzeichnungen</h1>
<p>[/et_pb_text][/et_pb_column][et_pb_column type=&#8220;1_5&#8243; _builder_version=&#8220;4.14.7&#8243; _module_preset=&#8220;default&#8220; global_colors_info=&#8220;{}&#8220;][/et_pb_column][/et_pb_row][et_pb_row column_structure=&#8220;1_3,1_3,1_3&#8243; _builder_version=&#8220;4.14.7&#8243; _module_preset=&#8220;default&#8220; global_colors_info=&#8220;{}&#8220;][et_pb_column type=&#8220;1_3&#8243; _builder_version=&#8220;4.14.7&#8243; _module_preset=&#8220;default&#8220; global_colors_info=&#8220;{}&#8220;][et_pb_blurb title=&#8220;Vortrag&#8220; image=&#8220;https://test.institut-frei-raum.ch/wp-content/uploads/2022/02/lens-3143893_1920.jpg&#8220; _builder_version=&#8220;4.14.7&#8243; _module_preset=&#8220;default&#8220; header_level=&#8220;h3&#8243; header_text_color=&#8220;#000000&#8243; body_text_color=&#8220;#000000&#8243; global_colors_info=&#8220;{}&#8220;]</p>
<p>Beschreibung<strong><br /></strong></p>
<p>[/et_pb_blurb][et_pb_button button_url=&#8220;@ET-DC@eyJkeW5hbWljIjp0cnVlLCJjb250ZW50IjoicG9zdF9saW5rX3VybF9wYWdlIiwic2V0dGluZ3MiOnsicG9zdF9pZCI6IjMwMiJ9fQ==@&#8220; button_text=&#8220;In Arbeit&#8220; button_alignment=&#8220;right&#8220; _builder_version=&#8220;4.14.7&#8243; _dynamic_attributes=&#8220;button_url&#8220; _module_preset=&#8220;default&#8220; custom_button=&#8220;on&#8220; button_text_size=&#8220;14px&#8220; button_text_color=&#8220;#FFFFFF&#8220; button_bg_color=&#8220;#E09900&#8243; button_border_width=&#8220;4px&#8220; button_border_color=&#8220;#E09900&#8243; button_border_radius=&#8220;100px&#8220; button_font=&#8220;|||on|||||&#8220; button_icon_color=&#8220;#E09900&#8243; global_colors_info=&#8220;{}&#8220;][/et_pb_button][/et_pb_column][et_pb_column type=&#8220;1_3&#8243; _builder_version=&#8220;4.14.7&#8243; _module_preset=&#8220;default&#8220; global_colors_info=&#8220;{}&#8220;][et_pb_blurb title=&#8220;Gesundheits-Datenbank&#8220; image=&#8220;https://test.institut-frei-raum.ch/wp-content/uploads/2022/02/system-3599932_1920.jpg&#8220; _builder_version=&#8220;4.14.7&#8243; _module_preset=&#8220;default&#8220; header_level=&#8220;h3&#8243; header_text_color=&#8220;#000000&#8243; body_text_color=&#8220;#000000&#8243; global_colors_info=&#8220;{}&#8220;]</p>
<p>Hier<strong> findest</strong> Du schnell<strong> Videos und Infos</strong> zum Thema <strong>Lebenspflege.</strong> Da stelle ich alles aus meinen Vorträgen hinein und Indexiere es damit Du es <strong>schnell finden</strong> kannst.</p>
<p>[/et_pb_blurb][et_pb_button button_url=&#8220;@ET-DC@eyJkeW5hbWljIjp0cnVlLCJjb250ZW50IjoicG9zdF9saW5rX3VybF9wYWdlIiwic2V0dGluZ3MiOnsicG9zdF9pZCI6IjMwMiJ9fQ==@&#8220; button_text=&#8220;In Arbeit&#8220; button_alignment=&#8220;right&#8220; _builder_version=&#8220;4.14.7&#8243; _dynamic_attributes=&#8220;button_url&#8220; _module_preset=&#8220;default&#8220; custom_button=&#8220;on&#8220; button_text_size=&#8220;14px&#8220; button_text_color=&#8220;#FFFFFF&#8220; button_bg_color=&#8220;#E09900&#8243; button_border_width=&#8220;4px&#8220; button_border_color=&#8220;#E09900&#8243; button_border_radius=&#8220;100px&#8220; button_font=&#8220;|||on|||||&#8220; button_icon_color=&#8220;#E09900&#8243; global_colors_info=&#8220;{}&#8220;][/et_pb_button][/et_pb_column][et_pb_column type=&#8220;1_3&#8243; _builder_version=&#8220;4.14.7&#8243; _module_preset=&#8220;default&#8220; global_colors_info=&#8220;{}&#8220;][/et_pb_column][/et_pb_row][/et_pb_section]</p>

<p>Seminare zur Lebenspflege Aufzeichnungen von Online- und Präsenzseminaren für Gesundheit, Persönlichkeitsentwicklung und Lebenspflege.Verfügbare AufzeichnungenBeschreibungHier findest Du schnell Videos und Infos zum Thema Lebenspflege. Da stelle ich alles aus meinen Vorträgen hinein und Indexiere es damit Du es schnell finden kannst.</p>
