{"id":715,"date":"2022-02-06T20:51:12","date_gmt":"2022-02-06T19:51:12","guid":{"rendered":"https:\/\/test.institut-frei-raum.ch\/?page_id=715"},"modified":"2022-02-14T07:26:51","modified_gmt":"2022-02-14T06:26:51","slug":"715-2","status":"publish","type":"page","link":"https:\/\/test.institut-frei-raum.ch\/index.php\/715-2\/","title":{"rendered":"Muul\u00f6rgeli-Titel"},"content":{"rendered":"<p>[et_pb_section fb_built=&#8220;1&#8243; _builder_version=&#8220;4.14.7&#8243; use_background_color_gradient=&#8220;on&#8220; background_color_gradient_start=&#8220;rgba(255,255,255,0.5)&#8220; background_color_gradient_end=&#8220;#ffffff&#8220; background_color_gradient_overlays_image=&#8220;on&#8220; background_image=&#8220;https:\/\/test.institut-frei-raum.ch\/wp-content\/uploads\/2022\/02\/macro-5154179_1920.jpg&#8220; custom_margin=&#8220;||||false&#8220; custom_padding=&#8220;14vw||4vw||false|false&#8220; global_colors_info=&#8220;{}&#8220;][et_pb_row _builder_version=&#8220;3.25&#8243; animation_style=&#8220;fade&#8220; global_colors_info=&#8220;{}&#8220;][et_pb_column type=&#8220;4_4&#8243; _builder_version=&#8220;3.25&#8243; custom_padding=&#8220;|||&#8220; global_colors_info=&#8220;{}&#8220; custom_padding__hover=&#8220;|||&#8220;][et_pb_text _builder_version=&#8220;4.14.7&#8243; text_font=&#8220;||||||||&#8220; text_text_color=&#8220;#000000&#8243; text_font_size=&#8220;18px&#8220; text_line_height=&#8220;2em&#8220; header_font=&#8220;|300|||||||&#8220; header_text_color=&#8220;#9db580&#8243; header_font_size=&#8220;50px&#8220; header_line_height=&#8220;1.4em&#8220; text_orientation=&#8220;center&#8220; max_width=&#8220;700px&#8220; module_alignment=&#8220;center&#8220; hover_enabled=&#8220;0&#8243; header_font_size_tablet=&#8220;40px&#8220; header_font_size_phone=&#8220;32px&#8220; header_font_size_last_edited=&#8220;on|desktop&#8220; text_text_shadow_style=&#8220;preset1&#8243; header_text_shadow_style=&#8220;preset2&#8243; global_colors_info=&#8220;{}&#8220; sticky_enabled=&#8220;0&#8243;]<\/p>\n<h1>Muul\u00f6rgeli-St\u00f6ckli<br \/>Einfach und schnell lernen<\/h1>\n<h2>In einfachen Schritten zeige ich Dir St\u00fcck f\u00fcr St\u00fcck die einzelnen Stimmen des Musikst\u00fcckes.<\/h2>\n<p>&nbsp;<\/p>\n<p>[\/et_pb_text][\/et_pb_column][\/et_pb_row][\/et_pb_section][et_pb_section fb_built=&#8220;1&#8243; admin_label=&#8220;Features&#8220; _builder_version=&#8220;4.14.7&#8243; background_color=&#8220;rgba(157,181,128,0.46)&#8220; custom_margin=&#8220;||||false&#8220; custom_padding=&#8220;0px||0px||true&#8220; top_divider_style=&#8220;curve&#8220; top_divider_color=&#8220;#ffffff&#8220; top_divider_height=&#8220;2.5vw&#8220; top_divider_arrangement=&#8220;above_content&#8220; global_colors_info=&#8220;{}&#8220;][et_pb_row _builder_version=&#8220;4.14.7&#8243; _module_preset=&#8220;default&#8220; global_colors_info=&#8220;{}&#8220;][et_pb_column type=&#8220;4_4&#8243; _builder_version=&#8220;4.14.7&#8243; _module_preset=&#8220;default&#8220; global_colors_info=&#8220;{}&#8220;][\/et_pb_column][\/et_pb_row][\/et_pb_section][et_pb_section fb_built=&#8220;1&#8243; _builder_version=&#8220;4.14.7&#8243; _module_preset=&#8220;default&#8220; background_color=&#8220;rgba(157,181,128,0.46)&#8220; height=&#8220;670px&#8220; custom_margin=&#8220;||1px|||&#8220; custom_padding=&#8220;0px||||false|false&#8220; global_colors_info=&#8220;{}&#8220;][et_pb_row _builder_version=&#8220;4.14.7&#8243; _module_preset=&#8220;default&#8220; background_color=&#8220;rgba(157,181,128,0.29)&#8220; global_colors_info=&#8220;{}&#8220;][et_pb_column type=&#8220;4_4&#8243; _builder_version=&#8220;4.14.7&#8243; _module_preset=&#8220;default&#8220; global_colors_info=&#8220;{}&#8220;][et_pb_text _builder_version=&#8220;4.14.7&#8243; _module_preset=&#8220;default&#8220; header_font=&#8220;|||on|||||&#8220; header_text_shadow_style=&#8220;preset1&#8243; global_colors_info=&#8220;{}&#8220;]<\/p>\n<h1 style=\"text-align: center;\">Demn\u00e4chst verf\u00fcgbare Titel<\/h1>\n<p>[\/et_pb_text][\/et_pb_column][\/et_pb_row][et_pb_row column_structure=&#8220;1_3,1_3,1_3&#8243; _builder_version=&#8220;4.14.7&#8243; _module_preset=&#8220;default&#8220; min_height=&#8220;668.8px&#8220; global_colors_info=&#8220;{}&#8220;][et_pb_column type=&#8220;1_3&#8243; _builder_version=&#8220;4.14.7&#8243; _module_preset=&#8220;default&#8220; global_colors_info=&#8220;{}&#8220;][et_pb_blurb title=&#8220;Am Vorobet im Chlausebeizli&#8220; image=&#8220;https:\/\/test.institut-frei-raum.ch\/wp-content\/uploads\/2022\/02\/Muuloergeli.png&#8220; _builder_version=&#8220;4.14.7&#8243; _module_preset=&#8220;default&#8220; header_level=&#8220;h3&#8243; header_text_color=&#8220;#000000&#8243; body_text_color=&#8220;#000000&#8243; global_colors_info=&#8220;{}&#8220;]<\/p>\n<p><strong>Z\u00e4uerli, Beat Rotach (2018)<\/strong><br \/><strong> Arr. Hans Frei<\/strong><\/p>\n<p>Z\u00e4uerli f\u00fcr Muul\u00f6rgeli mit:<\/p>\n<ul>\n<li>3 Solo Einzelstimmen<\/li>\n<li>1 Akkord Muulorgel<\/li>\n<li>1 Bass Muulorgel<\/li>\n<\/ul>\n<p>[\/et_pb_blurb][et_pb_button button_text=&#8220;In Arbeit&#8220; button_alignment=&#8220;left&#8220; _builder_version=&#8220;4.14.7&#8243; _module_preset=&#8220;default&#8220; custom_button=&#8220;on&#8220; button_text_size=&#8220;14px&#8220; button_text_color=&#8220;#000000&#8243; button_bg_color=&#8220;#E09900&#8243; button_border_width=&#8220;4px&#8220; button_border_color=&#8220;#E09900&#8243; button_border_radius=&#8220;100px&#8220; button_icon_color=&#8220;#E09900&#8243; button_text_shadow_style=&#8220;preset1&#8243; global_colors_info=&#8220;{}&#8220;][\/et_pb_button][\/et_pb_column][et_pb_column type=&#8220;1_3&#8243; _builder_version=&#8220;4.14.7&#8243; _module_preset=&#8220;default&#8220; global_colors_info=&#8220;{}&#8220;][et_pb_blurb title=&#8220;Tiger Rag&#8220; image=&#8220;https:\/\/test.institut-frei-raum.ch\/wp-content\/uploads\/2022\/02\/Tiger-Rag-1.jpg&#8220; _builder_version=&#8220;4.14.7&#8243; _module_preset=&#8220;default&#8220; header_level=&#8220;h3&#8243; header_text_color=&#8220;#000000&#8243; body_text_color=&#8220;#000000&#8243; global_colors_info=&#8220;{}&#8220;]<\/p>\n<p><strong>Dixieland Jazz, Nick LaNocca (1917)<br \/>Arr. Hans Frei<br \/><\/strong><strong><\/strong><\/p>\n<p>Dixieland Jazz f\u00fcr Muul\u00f6rgeli:<\/p>\n<ul>\n<li>2 Solo Stimmen<\/li>\n<li>1 Akkord Muul\u00f6rgel<\/li>\n<li>1 Bass Muul\u00f6rgel<\/li>\n<li>1 Kontrabass<\/li>\n<\/ul>\n<p>[\/et_pb_blurb][et_pb_button button_text=&#8220;In Arbeit&#8220; button_alignment=&#8220;left&#8220; _builder_version=&#8220;4.14.7&#8243; _module_preset=&#8220;default&#8220; custom_button=&#8220;on&#8220; button_text_size=&#8220;14px&#8220; button_text_color=&#8220;#000000&#8243; button_bg_color=&#8220;#E09900&#8243; button_border_width=&#8220;4px&#8220; button_border_color=&#8220;#E09900&#8243; button_border_radius=&#8220;100px&#8220; button_icon_color=&#8220;#E09900&#8243; button_text_shadow_style=&#8220;preset1&#8243; global_colors_info=&#8220;{}&#8220;][\/et_pb_button][\/et_pb_column][et_pb_column type=&#8220;1_3&#8243; _builder_version=&#8220;4.14.7&#8243; _module_preset=&#8220;default&#8220; global_colors_info=&#8220;{}&#8220;][et_pb_blurb title=&#8220;Carlos Z\u00e4uerli&#8220; image=&#8220;https:\/\/test.institut-frei-raum.ch\/wp-content\/uploads\/2022\/02\/Carlos-Zaeuerli.png&#8220; _builder_version=&#8220;4.14.7&#8243; _module_preset=&#8220;default&#8220; header_level=&#8220;h3&#8243; header_text_color=&#8220;#000000&#8243; body_text_color=&#8220;#000000&#8243; global_colors_info=&#8220;{}&#8220;]<\/p>\n<p><strong>Z\u00e4uerli, Frowin Neff<\/strong><br \/><strong>Arr. Hans Frei, Frowin Neff<br \/><\/strong><\/p>\n<p>Z\u00e4uerli f\u00fcr Muul\u00f6rgeli mit:<\/p>\n<ul>\n<li>3 Solo Stimmen<\/li>\n<li>1 Akkord Muulorgel<\/li>\n<li>1 Bass Muulorgel<\/li>\n<\/ul>\n<p>[\/et_pb_blurb][et_pb_button button_text=&#8220;In Arbeit&#8220; button_alignment=&#8220;left&#8220; _builder_version=&#8220;4.14.7&#8243; _module_preset=&#8220;default&#8220; custom_button=&#8220;on&#8220; button_text_size=&#8220;14px&#8220; button_text_color=&#8220;#000000&#8243; button_bg_color=&#8220;#E09900&#8243; button_border_width=&#8220;4px&#8220; button_border_color=&#8220;#E09900&#8243; button_border_radius=&#8220;100px&#8220; button_icon_color=&#8220;#E09900&#8243; button_text_shadow_style=&#8220;preset1&#8243; global_colors_info=&#8220;{}&#8220;][\/et_pb_button][\/et_pb_column][\/et_pb_row][\/et_pb_section][et_pb_section fb_built=&#8220;1&#8243; _builder_version=&#8220;4.14.7&#8243; _module_preset=&#8220;default&#8220; background_color=&#8220;rgba(157,181,128,0.46)&#8220; min_height=&#8220;907.1px&#8220; global_colors_info=&#8220;{}&#8220;][et_pb_row column_structure=&#8220;1_3,1_3,1_3&#8243; _builder_version=&#8220;4.14.7&#8243; _module_preset=&#8220;default&#8220; global_colors_info=&#8220;{}&#8220;][et_pb_column type=&#8220;1_3&#8243; _builder_version=&#8220;4.14.7&#8243; _module_preset=&#8220;default&#8220; global_colors_info=&#8220;{}&#8220;][et_pb_blurb title=&#8220;E sch\u00f6s Z\u00e4uerli&#8220; image=&#8220;https:\/\/test.institut-frei-raum.ch\/wp-content\/uploads\/2022\/02\/DMVH.png&#8220; _builder_version=&#8220;4.14.7&#8243; _module_preset=&#8220;default&#8220; header_level=&#8220;h3&#8243; header_text_color=&#8220;#000000&#8243; body_text_color=&#8220;#000000&#8243; global_colors_info=&#8220;{}&#8220;]<\/p>\n<p><strong>Z\u00e4uerli, Hans Frei (1983)<\/strong><br \/><strong>Arr. Hans Frei<\/strong><\/p>\n<p>Z\u00e4uerli f\u00fcr Muul\u00f6rgeli mit:<\/p>\n<ul>\n<li>2 Solostimmen 1. und 2. Stimme<\/li>\n<li>1 Akkord Muulorgel<\/li>\n<li>1 Bass Muulorgel<\/li>\n<\/ul>\n<p>[\/et_pb_blurb][et_pb_button button_text=&#8220;In Arbeit&#8220; button_alignment=&#8220;left&#8220; _builder_version=&#8220;4.14.7&#8243; _module_preset=&#8220;default&#8220; custom_button=&#8220;on&#8220; button_text_size=&#8220;14px&#8220; button_text_color=&#8220;#000000&#8243; button_bg_color=&#8220;#E09900&#8243; button_border_width=&#8220;4px&#8220; button_border_color=&#8220;#E09900&#8243; button_border_radius=&#8220;100px&#8220; button_icon_color=&#8220;#E09900&#8243; button_text_shadow_style=&#8220;preset1&#8243; global_colors_info=&#8220;{}&#8220;][\/et_pb_button][\/et_pb_column][et_pb_column type=&#8220;1_3&#8243; _builder_version=&#8220;4.14.7&#8243; _module_preset=&#8220;default&#8220; global_colors_info=&#8220;{}&#8220;][et_pb_blurb title=&#8220;Du h\u00e4ttest einen Wunsch?!&#8220; image=&#8220;https:\/\/test.institut-frei-raum.ch\/wp-content\/uploads\/2022\/02\/Nicht-dabei.png&#8220; _builder_version=&#8220;4.14.7&#8243; _module_preset=&#8220;default&#8220; header_level=&#8220;h3&#8243; header_text_color=&#8220;#000000&#8243; body_text_color=&#8220;#000000&#8243; global_colors_info=&#8220;{}&#8220;]<\/p>\n<p>Lass es mich wissen, vielleicht kann ich Dir helfen.<\/p>\n<p>[\/et_pb_blurb][et_pb_button button_text=&#8220;Fragen kostet nichts&#8220; _builder_version=&#8220;4.14.7&#8243; _module_preset=&#8220;default&#8220; custom_button=&#8220;on&#8220; button_text_size=&#8220;14px&#8220; button_text_color=&#8220;#000000&#8243; button_bg_color=&#8220;#E09900&#8243; button_border_width=&#8220;4px&#8220; button_border_color=&#8220;#E09900&#8243; button_border_radius=&#8220;100px&#8220; button_text_shadow_style=&#8220;preset1&#8243; global_colors_info=&#8220;{}&#8220;][\/et_pb_button][\/et_pb_column][et_pb_column type=&#8220;1_3&#8243; _builder_version=&#8220;4.14.7&#8243; _module_preset=&#8220;default&#8220; global_colors_info=&#8220;{}&#8220;][\/et_pb_column][\/et_pb_row][\/et_pb_section]<\/p>\n","protected":false},"excerpt":{"rendered":"<p>Muul\u00f6rgeli-St\u00f6ckliEinfach und schnell lernen In einfachen Schritten zeige ich Dir St\u00fcck f\u00fcr St\u00fcck die einzelnen Stimmen des Musikst\u00fcckes. &nbsp;Demn\u00e4chst verf\u00fcgbare TitelZ\u00e4uerli, Beat Rotach (2018) Arr. Hans Frei Z\u00e4uerli f\u00fcr Muul\u00f6rgeli mit: 3 Solo Einzelstimmen 1 Akkord Muulorgel 1 Bass Muulorgel Dixieland Jazz, Nick LaNocca (1917)Arr. Hans Frei Dixieland Jazz f\u00fcr Muul\u00f6rgeli: 2 Solo Stimmen 1 [&hellip;]<\/p>\n","protected":false},"author":1,"featured_media":0,"parent":0,"menu_order":0,"comment_status":"closed","ping_status":"closed","template":"","meta":{"_et_pb_use_builder":"on","_et_pb_old_content":"","_et_gb_content_width":"","footnotes":""},"class_list":["post-715","page","type-page","status-publish","hentry"],"_links":{"self":[{"href":"https:\/\/test.institut-frei-raum.ch\/index.php\/wp-json\/wp\/v2\/pages\/715","targetHints":{"allow":["GET"]}}],"collection":[{"href":"https:\/\/test.institut-frei-raum.ch\/index.php\/wp-json\/wp\/v2\/pages"}],"about":[{"href":"https:\/\/test.institut-frei-raum.ch\/index.php\/wp-json\/wp\/v2\/types\/page"}],"author":[{"embeddable":true,"href":"https:\/\/test.institut-frei-raum.ch\/index.php\/wp-json\/wp\/v2\/users\/1"}],"replies":[{"embeddable":true,"href":"https:\/\/test.institut-frei-raum.ch\/index.php\/wp-json\/wp\/v2\/comments?post=715"}],"version-history":[{"count":24,"href":"https:\/\/test.institut-frei-raum.ch\/index.php\/wp-json\/wp\/v2\/pages\/715\/revisions"}],"predecessor-version":[{"id":1095,"href":"https:\/\/test.institut-frei-raum.ch\/index.php\/wp-json\/wp\/v2\/pages\/715\/revisions\/1095"}],"wp:attachment":[{"href":"https:\/\/test.institut-frei-raum.ch\/index.php\/wp-json\/wp\/v2\/media?parent=715"}],"curies":[{"name":"wp","href":"https:\/\/api.w.org\/{rel}","templated":true}]}}

Muulörgeli-Titel

<p>[et_pb_section fb_built=&#8220;1&#8243; _builder_version=&#8220;4.14.7&#8243; use_background_color_gradient=&#8220;on&#8220; background_color_gradient_start=&#8220;rgba(255,255,255,0.5)&#8220; background_color_gradient_end=&#8220;#ffffff&#8220; background_color_gradient_overlays_image=&#8220;on&#8220; background_image=&#8220;https://test.institut-frei-raum.ch/wp-content/uploads/2022/02/macro-5154179_1920.jpg&#8220; custom_margin=&#8220;||||false&#8220; custom_padding=&#8220;14vw||4vw||false|false&#8220; global_colors_info=&#8220;{}&#8220;][et_pb_row _builder_version=&#8220;3.25&#8243; animation_style=&#8220;fade&#8220; global_colors_info=&#8220;{}&#8220;][et_pb_column type=&#8220;4_4&#8243; _builder_version=&#8220;3.25&#8243; custom_padding=&#8220;|||&#8220; global_colors_info=&#8220;{}&#8220; custom_padding__hover=&#8220;|||&#8220;][et_pb_text _builder_version=&#8220;4.14.7&#8243; text_font=&#8220;||||||||&#8220; text_text_color=&#8220;#000000&#8243; text_font_size=&#8220;18px&#8220; text_line_height=&#8220;2em&#8220; header_font=&#8220;|300|||||||&#8220; header_text_color=&#8220;#9db580&#8243; header_font_size=&#8220;50px&#8220; header_line_height=&#8220;1.4em&#8220; text_orientation=&#8220;center&#8220; max_width=&#8220;700px&#8220; module_alignment=&#8220;center&#8220; hover_enabled=&#8220;0&#8243; header_font_size_tablet=&#8220;40px&#8220; header_font_size_phone=&#8220;32px&#8220; header_font_size_last_edited=&#8220;on|desktop&#8220; text_text_shadow_style=&#8220;preset1&#8243; header_text_shadow_style=&#8220;preset2&#8243; global_colors_info=&#8220;{}&#8220; sticky_enabled=&#8220;0&#8243;]</p>
<h1>Muulörgeli-Stöckli<br />Einfach und schnell lernen</h1>
<h2>In einfachen Schritten zeige ich Dir Stück für Stück die einzelnen Stimmen des Musikstückes.</h2>
<p>&nbsp;</p>
<p>[/et_pb_text][/et_pb_column][/et_pb_row][/et_pb_section][et_pb_section fb_built=&#8220;1&#8243; admin_label=&#8220;Features&#8220; _builder_version=&#8220;4.14.7&#8243; background_color=&#8220;rgba(157,181,128,0.46)&#8220; custom_margin=&#8220;||||false&#8220; custom_padding=&#8220;0px||0px||true&#8220; top_divider_style=&#8220;curve&#8220; top_divider_color=&#8220;#ffffff&#8220; top_divider_height=&#8220;2.5vw&#8220; top_divider_arrangement=&#8220;above_content&#8220; global_colors_info=&#8220;{}&#8220;][et_pb_row _builder_version=&#8220;4.14.7&#8243; _module_preset=&#8220;default&#8220; global_colors_info=&#8220;{}&#8220;][et_pb_column type=&#8220;4_4&#8243; _builder_version=&#8220;4.14.7&#8243; _module_preset=&#8220;default&#8220; global_colors_info=&#8220;{}&#8220;][/et_pb_column][/et_pb_row][/et_pb_section][et_pb_section fb_built=&#8220;1&#8243; _builder_version=&#8220;4.14.7&#8243; _module_preset=&#8220;default&#8220; background_color=&#8220;rgba(157,181,128,0.46)&#8220; height=&#8220;670px&#8220; custom_margin=&#8220;||1px|||&#8220; custom_padding=&#8220;0px||||false|false&#8220; global_colors_info=&#8220;{}&#8220;][et_pb_row _builder_version=&#8220;4.14.7&#8243; _module_preset=&#8220;default&#8220; background_color=&#8220;rgba(157,181,128,0.29)&#8220; global_colors_info=&#8220;{}&#8220;][et_pb_column type=&#8220;4_4&#8243; _builder_version=&#8220;4.14.7&#8243; _module_preset=&#8220;default&#8220; global_colors_info=&#8220;{}&#8220;][et_pb_text _builder_version=&#8220;4.14.7&#8243; _module_preset=&#8220;default&#8220; header_font=&#8220;|||on|||||&#8220; header_text_shadow_style=&#8220;preset1&#8243; global_colors_info=&#8220;{}&#8220;]</p>
<h1 style="text-align: center;">Demnächst verfügbare Titel</h1>
<p>[/et_pb_text][/et_pb_column][/et_pb_row][et_pb_row column_structure=&#8220;1_3,1_3,1_3&#8243; _builder_version=&#8220;4.14.7&#8243; _module_preset=&#8220;default&#8220; min_height=&#8220;668.8px&#8220; global_colors_info=&#8220;{}&#8220;][et_pb_column type=&#8220;1_3&#8243; _builder_version=&#8220;4.14.7&#8243; _module_preset=&#8220;default&#8220; global_colors_info=&#8220;{}&#8220;][et_pb_blurb title=&#8220;Am Vorobet im Chlausebeizli&#8220; image=&#8220;https://test.institut-frei-raum.ch/wp-content/uploads/2022/02/Muuloergeli.png&#8220; _builder_version=&#8220;4.14.7&#8243; _module_preset=&#8220;default&#8220; header_level=&#8220;h3&#8243; header_text_color=&#8220;#000000&#8243; body_text_color=&#8220;#000000&#8243; global_colors_info=&#8220;{}&#8220;]</p>
<p><strong>Zäuerli, Beat Rotach (2018)</strong><br /><strong> Arr. Hans Frei</strong></p>
<p>Zäuerli für Muulörgeli mit:</p>
<ul>
<li>3 Solo Einzelstimmen</li>
<li>1 Akkord Muulorgel</li>
<li>1 Bass Muulorgel</li>
</ul>
<p>[/et_pb_blurb][et_pb_button button_text=&#8220;In Arbeit&#8220; button_alignment=&#8220;left&#8220; _builder_version=&#8220;4.14.7&#8243; _module_preset=&#8220;default&#8220; custom_button=&#8220;on&#8220; button_text_size=&#8220;14px&#8220; button_text_color=&#8220;#000000&#8243; button_bg_color=&#8220;#E09900&#8243; button_border_width=&#8220;4px&#8220; button_border_color=&#8220;#E09900&#8243; button_border_radius=&#8220;100px&#8220; button_icon_color=&#8220;#E09900&#8243; button_text_shadow_style=&#8220;preset1&#8243; global_colors_info=&#8220;{}&#8220;][/et_pb_button][/et_pb_column][et_pb_column type=&#8220;1_3&#8243; _builder_version=&#8220;4.14.7&#8243; _module_preset=&#8220;default&#8220; global_colors_info=&#8220;{}&#8220;][et_pb_blurb title=&#8220;Tiger Rag&#8220; image=&#8220;https://test.institut-frei-raum.ch/wp-content/uploads/2022/02/Tiger-Rag-1.jpg&#8220; _builder_version=&#8220;4.14.7&#8243; _module_preset=&#8220;default&#8220; header_level=&#8220;h3&#8243; header_text_color=&#8220;#000000&#8243; body_text_color=&#8220;#000000&#8243; global_colors_info=&#8220;{}&#8220;]</p>
<p><strong>Dixieland Jazz, Nick LaNocca (1917)<br />Arr. Hans Frei<br /></strong><strong></strong></p>
<p>Dixieland Jazz für Muulörgeli:</p>
<ul>
<li>2 Solo Stimmen</li>
<li>1 Akkord Muulörgel</li>
<li>1 Bass Muulörgel</li>
<li>1 Kontrabass</li>
</ul>
<p>[/et_pb_blurb][et_pb_button button_text=&#8220;In Arbeit&#8220; button_alignment=&#8220;left&#8220; _builder_version=&#8220;4.14.7&#8243; _module_preset=&#8220;default&#8220; custom_button=&#8220;on&#8220; button_text_size=&#8220;14px&#8220; button_text_color=&#8220;#000000&#8243; button_bg_color=&#8220;#E09900&#8243; button_border_width=&#8220;4px&#8220; button_border_color=&#8220;#E09900&#8243; button_border_radius=&#8220;100px&#8220; button_icon_color=&#8220;#E09900&#8243; button_text_shadow_style=&#8220;preset1&#8243; global_colors_info=&#8220;{}&#8220;][/et_pb_button][/et_pb_column][et_pb_column type=&#8220;1_3&#8243; _builder_version=&#8220;4.14.7&#8243; _module_preset=&#8220;default&#8220; global_colors_info=&#8220;{}&#8220;][et_pb_blurb title=&#8220;Carlos Zäuerli&#8220; image=&#8220;https://test.institut-frei-raum.ch/wp-content/uploads/2022/02/Carlos-Zaeuerli.png&#8220; _builder_version=&#8220;4.14.7&#8243; _module_preset=&#8220;default&#8220; header_level=&#8220;h3&#8243; header_text_color=&#8220;#000000&#8243; body_text_color=&#8220;#000000&#8243; global_colors_info=&#8220;{}&#8220;]</p>
<p><strong>Zäuerli, Frowin Neff</strong><br /><strong>Arr. Hans Frei, Frowin Neff<br /></strong></p>
<p>Zäuerli für Muulörgeli mit:</p>
<ul>
<li>3 Solo Stimmen</li>
<li>1 Akkord Muulorgel</li>
<li>1 Bass Muulorgel</li>
</ul>
<p>[/et_pb_blurb][et_pb_button button_text=&#8220;In Arbeit&#8220; button_alignment=&#8220;left&#8220; _builder_version=&#8220;4.14.7&#8243; _module_preset=&#8220;default&#8220; custom_button=&#8220;on&#8220; button_text_size=&#8220;14px&#8220; button_text_color=&#8220;#000000&#8243; button_bg_color=&#8220;#E09900&#8243; button_border_width=&#8220;4px&#8220; button_border_color=&#8220;#E09900&#8243; button_border_radius=&#8220;100px&#8220; button_icon_color=&#8220;#E09900&#8243; button_text_shadow_style=&#8220;preset1&#8243; global_colors_info=&#8220;{}&#8220;][/et_pb_button][/et_pb_column][/et_pb_row][/et_pb_section][et_pb_section fb_built=&#8220;1&#8243; _builder_version=&#8220;4.14.7&#8243; _module_preset=&#8220;default&#8220; background_color=&#8220;rgba(157,181,128,0.46)&#8220; min_height=&#8220;907.1px&#8220; global_colors_info=&#8220;{}&#8220;][et_pb_row column_structure=&#8220;1_3,1_3,1_3&#8243; _builder_version=&#8220;4.14.7&#8243; _module_preset=&#8220;default&#8220; global_colors_info=&#8220;{}&#8220;][et_pb_column type=&#8220;1_3&#8243; _builder_version=&#8220;4.14.7&#8243; _module_preset=&#8220;default&#8220; global_colors_info=&#8220;{}&#8220;][et_pb_blurb title=&#8220;E schös Zäuerli&#8220; image=&#8220;https://test.institut-frei-raum.ch/wp-content/uploads/2022/02/DMVH.png&#8220; _builder_version=&#8220;4.14.7&#8243; _module_preset=&#8220;default&#8220; header_level=&#8220;h3&#8243; header_text_color=&#8220;#000000&#8243; body_text_color=&#8220;#000000&#8243; global_colors_info=&#8220;{}&#8220;]</p>
<p><strong>Zäuerli, Hans Frei (1983)</strong><br /><strong>Arr. Hans Frei</strong></p>
<p>Zäuerli für Muulörgeli mit:</p>
<ul>
<li>2 Solostimmen 1. und 2. Stimme</li>
<li>1 Akkord Muulorgel</li>
<li>1 Bass Muulorgel</li>
</ul>
<p>[/et_pb_blurb][et_pb_button button_text=&#8220;In Arbeit&#8220; button_alignment=&#8220;left&#8220; _builder_version=&#8220;4.14.7&#8243; _module_preset=&#8220;default&#8220; custom_button=&#8220;on&#8220; button_text_size=&#8220;14px&#8220; button_text_color=&#8220;#000000&#8243; button_bg_color=&#8220;#E09900&#8243; button_border_width=&#8220;4px&#8220; button_border_color=&#8220;#E09900&#8243; button_border_radius=&#8220;100px&#8220; button_icon_color=&#8220;#E09900&#8243; button_text_shadow_style=&#8220;preset1&#8243; global_colors_info=&#8220;{}&#8220;][/et_pb_button][/et_pb_column][et_pb_column type=&#8220;1_3&#8243; _builder_version=&#8220;4.14.7&#8243; _module_preset=&#8220;default&#8220; global_colors_info=&#8220;{}&#8220;][et_pb_blurb title=&#8220;Du hättest einen Wunsch?!&#8220; image=&#8220;https://test.institut-frei-raum.ch/wp-content/uploads/2022/02/Nicht-dabei.png&#8220; _builder_version=&#8220;4.14.7&#8243; _module_preset=&#8220;default&#8220; header_level=&#8220;h3&#8243; header_text_color=&#8220;#000000&#8243; body_text_color=&#8220;#000000&#8243; global_colors_info=&#8220;{}&#8220;]</p>
<p>Lass es mich wissen, vielleicht kann ich Dir helfen.</p>
<p>[/et_pb_blurb][et_pb_button button_text=&#8220;Fragen kostet nichts&#8220; _builder_version=&#8220;4.14.7&#8243; _module_preset=&#8220;default&#8220; custom_button=&#8220;on&#8220; button_text_size=&#8220;14px&#8220; button_text_color=&#8220;#000000&#8243; button_bg_color=&#8220;#E09900&#8243; button_border_width=&#8220;4px&#8220; button_border_color=&#8220;#E09900&#8243; button_border_radius=&#8220;100px&#8220; button_text_shadow_style=&#8220;preset1&#8243; global_colors_info=&#8220;{}&#8220;][/et_pb_button][/et_pb_column][et_pb_column type=&#8220;1_3&#8243; _builder_version=&#8220;4.14.7&#8243; _module_preset=&#8220;default&#8220; global_colors_info=&#8220;{}&#8220;][/et_pb_column][/et_pb_row][/et_pb_section]</p>

<p>Muulörgeli-StöckliEinfach und schnell lernen In einfachen Schritten zeige ich Dir Stück für Stück die einzelnen Stimmen des Musikstückes. &nbsp;Demnächst verfügbare TitelZäuerli, Beat Rotach (2018) Arr. Hans Frei Zäuerli für Muulörgeli mit: 3 Solo Einzelstimmen 1 Akkord Muulorgel 1 Bass Muulorgel Dixieland Jazz, Nick LaNocca (1917)Arr. Hans Frei Dixieland Jazz für Muulörgeli: 2 Solo Stimmen 1 [&hellip;]</p>
