{"id":302,"date":"2022-02-02T16:49:47","date_gmt":"2022-02-02T15:49:47","guid":{"rendered":"https:\/\/test.institut-frei-raum.ch\/?page_id=302"},"modified":"2022-02-14T19:06:47","modified_gmt":"2022-02-14T18:06:47","slug":"begleitetes-fasten-seminar","status":"publish","type":"page","link":"https:\/\/test.institut-frei-raum.ch\/index.php\/begleitetes-fasten-seminar\/","title":{"rendered":"Begleitete Fastenwoche"},"content":{"rendered":"<p>[et_pb_section fb_built=&#8220;1&#8243; _builder_version=&#8220;4.14.7&#8243; use_background_color_gradient=&#8220;on&#8220; background_color_gradient_start=&#8220;rgba(255,255,255,0.5)&#8220; background_color_gradient_end=&#8220;#ffffff&#8220; background_color_gradient_overlays_image=&#8220;on&#8220; background_image=&#8220;https:\/\/test.institut-frei-raum.ch\/wp-content\/uploads\/2022\/02\/drink-1532300_1920.jpg&#8220; min_height=&#8220;549.2px&#8220; custom_margin=&#8220;||||false&#8220; custom_padding=&#8220;14vw||4vw||false|false&#8220; hover_enabled=&#8220;0&#8243; global_colors_info=&#8220;{}&#8220; sticky_enabled=&#8220;0&#8243;][et_pb_row _builder_version=&#8220;3.25&#8243; animation_style=&#8220;fade&#8220; global_colors_info=&#8220;{}&#8220;][et_pb_column type=&#8220;4_4&#8243; _builder_version=&#8220;3.25&#8243; custom_padding=&#8220;|||&#8220; global_colors_info=&#8220;{}&#8220; custom_padding__hover=&#8220;|||&#8220;][et_pb_text content_tablet=&#8220;<\/p>\n<h1>Begleitete Fasten-Woche<\/h1>\n<h3>Fasten ist eine <strong>grossartige,<\/strong> wenn nicht sogar die <strong>effektivste Methode,<\/strong> das <strong>Immunsystem<\/strong> zu <strong>st\u00e4rken,<\/strong> den K\u00f6rper zu <strong>entgiften,<\/strong> <strong>Abh\u00e4ngigkeiten loszuwerden<\/strong> (Rauchen, S\u00fcssigkeiten) und dabei noch <strong>dauerhaft Gewicht<\/strong> zu<strong> verlieren.<\/strong><\/h3>\n<p>\u00a0<\/p>\n<p>&#8220; content_phone=&#8220;<\/p>\n<h1>Begleitete Fasten-Woche<\/h1>\n<h3>Fasten ist eine <strong>grossartige,<\/strong> wenn nicht sogar die <strong>effektivste Methode,<\/strong> das <strong>Immunsystem<\/strong> zu <strong>st\u00e4rken,<\/strong> den K\u00f6rper zu <strong>entgiften,<\/strong> <strong>Abh\u00e4ngigkeiten loszuwerden<\/strong> (Rauchen, S\u00fcssigkeiten) und dabei noch <strong>dauerhaft Gewicht<\/strong> zu<strong> verlieren.<\/strong><\/h3>\n<p>\u00a0<\/p>\n<p>&#8220; content_last_edited=&#8220;on|desktop&#8220; _builder_version=&#8220;4.14.7&#8243; text_font=&#8220;||||||||&#8220; text_text_color=&#8220;#000000&#8243; text_font_size=&#8220;18px&#8220; text_line_height=&#8220;2em&#8220; header_font=&#8220;|300|||||||&#8220; header_text_color=&#8220;#e0d800&#8243; header_font_size=&#8220;50px&#8220; header_line_height=&#8220;1.4em&#8220; header_2_text_color=&#8220;#000000&#8243; header_3_text_color=&#8220;#000000&#8243; text_orientation=&#8220;center&#8220; max_width=&#8220;700px&#8220; module_alignment=&#8220;center&#8220; header_font_size_tablet=&#8220;40px&#8220; header_font_size_phone=&#8220;32px&#8220; header_font_size_last_edited=&#8220;on|desktop&#8220; text_text_shadow_style=&#8220;preset1&#8243; global_colors_info=&#8220;{}&#8220;]<\/p>\n<h1>Begleitete Fasten-Woche<\/h1>\n<h3>Fasten ist eine <strong>grossartige,<\/strong> wenn nicht sogar die <strong>effektivste Methode,<\/strong> das <strong>Immunsystem<\/strong> zu <strong>st\u00e4rken,<\/strong> den K\u00f6rper zu <strong>entgiften,<\/strong> <strong>Abh\u00e4ngigkeiten loszuwerden<\/strong> (Rauchen, S\u00fcssigkeiten) und dabei noch <strong>dauerhaft Gewicht<\/strong> zu<strong> verlieren.<\/strong><\/h3>\n<p>&nbsp;<\/p>\n<p>[\/et_pb_text][\/et_pb_column][\/et_pb_row][\/et_pb_section][et_pb_section fb_built=&#8220;1&#8243; admin_label=&#8220;Features&#8220; _builder_version=&#8220;4.14.7&#8243; background_color=&#8220;rgba(249,239,124,0.46)&#8220; min_height=&#8220;160px&#8220; custom_margin=&#8220;||||false&#8220; custom_padding=&#8220;0px||0px||true&#8220; top_divider_style=&#8220;curve&#8220; top_divider_color=&#8220;#ffffff&#8220; top_divider_height=&#8220;2.5vw&#8220; top_divider_arrangement=&#8220;above_content&#8220; global_colors_info=&#8220;{}&#8220;][\/et_pb_section][et_pb_section fb_built=&#8220;1&#8243; _builder_version=&#8220;4.14.7&#8243; _module_preset=&#8220;default&#8220; background_color=&#8220;rgba(249,239,124,0.46)&#8220; height=&#8220;1050px&#8220; custom_padding=&#8220;0px||||false|false&#8220; global_colors_info=&#8220;{}&#8220;][et_pb_row column_structure=&#8220;1_5,3_5,1_5&#8243; _builder_version=&#8220;4.14.7&#8243; _module_preset=&#8220;default&#8220; background_color=&#8220;rgba(249,239,124,0.46)&#8220; min_height=&#8220;128px&#8220; global_colors_info=&#8220;{}&#8220;][et_pb_column type=&#8220;1_5&#8243; _builder_version=&#8220;4.14.7&#8243; _module_preset=&#8220;default&#8220; global_colors_info=&#8220;{}&#8220;][\/et_pb_column][et_pb_column type=&#8220;3_5&#8243; _builder_version=&#8220;4.14.7&#8243; _module_preset=&#8220;default&#8220; global_colors_info=&#8220;{}&#8220;][et_pb_text _builder_version=&#8220;4.14.7&#8243; _module_preset=&#8220;default&#8220; text_text_color=&#8220;#000000&#8243; header_text_color=&#8220;#000000&#8243; header_2_text_color=&#8220;#000000&#8243; background_color=&#8220;RGBA(255,255,255,0)&#8220; header_text_shadow_style=&#8220;preset1&#8243; global_colors_info=&#8220;{}&#8220;]<\/p>\n<h1><strong>Wie geht Fasten?<\/strong><\/h1>\n<h2>Schau Dir diese <strong>kurze Video<\/strong> zur Fastenwoche an, dort erkl\u00e4re ich Dir <strong>alles<\/strong> was Du \u00fcber die <strong>Fastenwoche wissen<\/strong> musst.<\/h2>\n<p>[\/et_pb_text][\/et_pb_column][et_pb_column type=&#8220;1_5&#8243; _builder_version=&#8220;4.14.7&#8243; _module_preset=&#8220;default&#8220; global_colors_info=&#8220;{}&#8220;][\/et_pb_column][\/et_pb_row][et_pb_row column_structure=&#8220;1_5,3_5,1_5&#8243; _builder_version=&#8220;4.14.7&#8243; _module_preset=&#8220;default&#8220; min_height=&#8220;642.8px&#8220; global_colors_info=&#8220;{}&#8220;][et_pb_column type=&#8220;1_5&#8243; _builder_version=&#8220;4.14.7&#8243; _module_preset=&#8220;default&#8220; global_colors_info=&#8220;{}&#8220;][\/et_pb_column][et_pb_column type=&#8220;3_5&#8243; _builder_version=&#8220;4.14.7&#8243; _module_preset=&#8220;default&#8220; global_colors_info=&#8220;{}&#8220;][et_pb_code _builder_version=&#8220;4.14.7&#8243; _module_preset=&#8220;default&#8220; hover_enabled=&#8220;0&#8243; global_colors_info=&#8220;{}&#8220; sticky_enabled=&#8220;0&#8243; custom_margin=&#8220;-350px||||false|false&#8220;]<\/p>\n<div style=\"padding:56.25% 0 0 0;position:relative;\"><iframe src=\"https:\/\/player.vimeo.com\/video\/529204348?h=573b5201d3&#038;badge=0&#038;autopause=0&#038;player_id=0&#038;app_id=58479\" frameborder=\"0\" allow=\"autoplay; fullscreen; picture-in-picture\" allowfullscreen style=\"position:absolute;top:0;left:0;width:100%;height:100%;\" title=\"Wie geht Fasten\"><\/iframe><\/div>\n<p><script src=\"https:\/\/player.vimeo.com\/api\/player.js\"><\/script>[\/et_pb_code][et_pb_button button_text=&#8220;PDF zum Video&#8220; _builder_version=&#8220;4.14.7&#8243; _module_preset=&#8220;default&#8220; global_colors_info=&#8220;{}&#8220;][\/et_pb_button][et_pb_cta title=&#8220;Hier klicken&#8220; button_text=&#8220;Hier klicken&#8220; _builder_version=&#8220;4.14.7&#8243; _module_preset=&#8220;default&#8220; background_color=&#8220;#ff0000&#8243; global_colors_info=&#8220;{}&#8220;]<\/p>\n<p><strong>Jetzt Seminar starten!<\/strong><\/p>\n<p>[\/et_pb_cta][\/et_pb_column][et_pb_column type=&#8220;1_5&#8243; _builder_version=&#8220;4.14.7&#8243; _module_preset=&#8220;default&#8220; global_colors_info=&#8220;{}&#8220;][\/et_pb_column][\/et_pb_row][\/et_pb_section]<\/p>\n","protected":false},"excerpt":{"rendered":"<p>Begleitete Fasten-Woche Fasten ist eine grossartige, wenn nicht sogar die effektivste Methode, das Immunsystem zu st\u00e4rken, den K\u00f6rper zu entgiften, Abh\u00e4ngigkeiten loszuwerden (Rauchen, S\u00fcssigkeiten) und dabei noch dauerhaft Gewicht zu verlieren. &nbsp;Wie geht Fasten? Schau Dir diese kurze Video zur Fastenwoche an, dort erkl\u00e4re ich Dir alles was Du \u00fcber die Fastenwoche wissen musst.Jetzt Seminar [&hellip;]<\/p>\n","protected":false},"author":1,"featured_media":0,"parent":0,"menu_order":0,"comment_status":"closed","ping_status":"closed","template":"","meta":{"_et_pb_use_builder":"on","_et_pb_old_content":"","_et_gb_content_width":"","footnotes":""},"class_list":["post-302","page","type-page","status-publish","hentry"],"_links":{"self":[{"href":"https:\/\/test.institut-frei-raum.ch\/index.php\/wp-json\/wp\/v2\/pages\/302","targetHints":{"allow":["GET"]}}],"collection":[{"href":"https:\/\/test.institut-frei-raum.ch\/index.php\/wp-json\/wp\/v2\/pages"}],"about":[{"href":"https:\/\/test.institut-frei-raum.ch\/index.php\/wp-json\/wp\/v2\/types\/page"}],"author":[{"embeddable":true,"href":"https:\/\/test.institut-frei-raum.ch\/index.php\/wp-json\/wp\/v2\/users\/1"}],"replies":[{"embeddable":true,"href":"https:\/\/test.institut-frei-raum.ch\/index.php\/wp-json\/wp\/v2\/comments?post=302"}],"version-history":[{"count":50,"href":"https:\/\/test.institut-frei-raum.ch\/index.php\/wp-json\/wp\/v2\/pages\/302\/revisions"}],"predecessor-version":[{"id":1120,"href":"https:\/\/test.institut-frei-raum.ch\/index.php\/wp-json\/wp\/v2\/pages\/302\/revisions\/1120"}],"wp:attachment":[{"href":"https:\/\/test.institut-frei-raum.ch\/index.php\/wp-json\/wp\/v2\/media?parent=302"}],"curies":[{"name":"wp","href":"https:\/\/api.w.org\/{rel}","templated":true}]}}

<p>[et_pb_section fb_built=&#8220;1&#8243; _builder_version=&#8220;4.14.7&#8243; use_background_color_gradient=&#8220;on&#8220; background_color_gradient_start=&#8220;rgba(255,255,255,0.5)&#8220; background_color_gradient_end=&#8220;#ffffff&#8220; background_color_gradient_overlays_image=&#8220;on&#8220; background_image=&#8220;https://test.institut-frei-raum.ch/wp-content/uploads/2022/02/drink-1532300_1920.jpg&#8220; min_height=&#8220;549.2px&#8220; custom_margin=&#8220;||||false&#8220; custom_padding=&#8220;14vw||4vw||false|false&#8220; hover_enabled=&#8220;0&#8243; global_colors_info=&#8220;{}&#8220; sticky_enabled=&#8220;0&#8243;][et_pb_row _builder_version=&#8220;3.25&#8243; animation_style=&#8220;fade&#8220; global_colors_info=&#8220;{}&#8220;][et_pb_column type=&#8220;4_4&#8243; _builder_version=&#8220;3.25&#8243; custom_padding=&#8220;|||&#8220; global_colors_info=&#8220;{}&#8220; custom_padding__hover=&#8220;|||&#8220;][et_pb_text content_tablet=&#8220;</p>
<h1>Begleitete Fasten-Woche</h1>
<h3>Fasten ist eine <strong>grossartige,</strong> wenn nicht sogar die <strong>effektivste Methode,</strong> das <strong>Immunsystem</strong> zu <strong>stärken,</strong> den Körper zu <strong>entgiften,</strong> <strong>Abhängigkeiten loszuwerden</strong> (Rauchen, Süssigkeiten) und dabei noch <strong>dauerhaft Gewicht</strong> zu<strong> verlieren.</strong></h3>
<p> </p>
<p>&#8220; content_phone=&#8220;</p>
<h1>Begleitete Fasten-Woche</h1>
<h3>Fasten ist eine <strong>grossartige,</strong> wenn nicht sogar die <strong>effektivste Methode,</strong> das <strong>Immunsystem</strong> zu <strong>stärken,</strong> den Körper zu <strong>entgiften,</strong> <strong>Abhängigkeiten loszuwerden</strong> (Rauchen, Süssigkeiten) und dabei noch <strong>dauerhaft Gewicht</strong> zu<strong> verlieren.</strong></h3>
<p> </p>
<p>&#8220; content_last_edited=&#8220;on|desktop&#8220; _builder_version=&#8220;4.14.7&#8243; text_font=&#8220;||||||||&#8220; text_text_color=&#8220;#000000&#8243; text_font_size=&#8220;18px&#8220; text_line_height=&#8220;2em&#8220; header_font=&#8220;|300|||||||&#8220; header_text_color=&#8220;#e0d800&#8243; header_font_size=&#8220;50px&#8220; header_line_height=&#8220;1.4em&#8220; header_2_text_color=&#8220;#000000&#8243; header_3_text_color=&#8220;#000000&#8243; text_orientation=&#8220;center&#8220; max_width=&#8220;700px&#8220; module_alignment=&#8220;center&#8220; header_font_size_tablet=&#8220;40px&#8220; header_font_size_phone=&#8220;32px&#8220; header_font_size_last_edited=&#8220;on|desktop&#8220; text_text_shadow_style=&#8220;preset1&#8243; global_colors_info=&#8220;{}&#8220;]</p>
<h1>Begleitete Fasten-Woche</h1>
<h3>Fasten ist eine <strong>grossartige,</strong> wenn nicht sogar die <strong>effektivste Methode,</strong> das <strong>Immunsystem</strong> zu <strong>stärken,</strong> den Körper zu <strong>entgiften,</strong> <strong>Abhängigkeiten loszuwerden</strong> (Rauchen, Süssigkeiten) und dabei noch <strong>dauerhaft Gewicht</strong> zu<strong> verlieren.</strong></h3>
<p>&nbsp;</p>
<p>[/et_pb_text][/et_pb_column][/et_pb_row][/et_pb_section][et_pb_section fb_built=&#8220;1&#8243; admin_label=&#8220;Features&#8220; _builder_version=&#8220;4.14.7&#8243; background_color=&#8220;rgba(249,239,124,0.46)&#8220; min_height=&#8220;160px&#8220; custom_margin=&#8220;||||false&#8220; custom_padding=&#8220;0px||0px||true&#8220; top_divider_style=&#8220;curve&#8220; top_divider_color=&#8220;#ffffff&#8220; top_divider_height=&#8220;2.5vw&#8220; top_divider_arrangement=&#8220;above_content&#8220; global_colors_info=&#8220;{}&#8220;][/et_pb_section][et_pb_section fb_built=&#8220;1&#8243; _builder_version=&#8220;4.14.7&#8243; _module_preset=&#8220;default&#8220; background_color=&#8220;rgba(249,239,124,0.46)&#8220; height=&#8220;1050px&#8220; custom_padding=&#8220;0px||||false|false&#8220; global_colors_info=&#8220;{}&#8220;][et_pb_row column_structure=&#8220;1_5,3_5,1_5&#8243; _builder_version=&#8220;4.14.7&#8243; _module_preset=&#8220;default&#8220; background_color=&#8220;rgba(249,239,124,0.46)&#8220; min_height=&#8220;128px&#8220; global_colors_info=&#8220;{}&#8220;][et_pb_column type=&#8220;1_5&#8243; _builder_version=&#8220;4.14.7&#8243; _module_preset=&#8220;default&#8220; global_colors_info=&#8220;{}&#8220;][/et_pb_column][et_pb_column type=&#8220;3_5&#8243; _builder_version=&#8220;4.14.7&#8243; _module_preset=&#8220;default&#8220; global_colors_info=&#8220;{}&#8220;][et_pb_text _builder_version=&#8220;4.14.7&#8243; _module_preset=&#8220;default&#8220; text_text_color=&#8220;#000000&#8243; header_text_color=&#8220;#000000&#8243; header_2_text_color=&#8220;#000000&#8243; background_color=&#8220;RGBA(255,255,255,0)&#8220; header_text_shadow_style=&#8220;preset1&#8243; global_colors_info=&#8220;{}&#8220;]</p>
<h1><strong>Wie geht Fasten?</strong></h1>
<h2>Schau Dir diese <strong>kurze Video</strong> zur Fastenwoche an, dort erkläre ich Dir <strong>alles</strong> was Du über die <strong>Fastenwoche wissen</strong> musst.</h2>
<p>[/et_pb_text][/et_pb_column][et_pb_column type=&#8220;1_5&#8243; _builder_version=&#8220;4.14.7&#8243; _module_preset=&#8220;default&#8220; global_colors_info=&#8220;{}&#8220;][/et_pb_column][/et_pb_row][et_pb_row column_structure=&#8220;1_5,3_5,1_5&#8243; _builder_version=&#8220;4.14.7&#8243; _module_preset=&#8220;default&#8220; min_height=&#8220;642.8px&#8220; global_colors_info=&#8220;{}&#8220;][et_pb_column type=&#8220;1_5&#8243; _builder_version=&#8220;4.14.7&#8243; _module_preset=&#8220;default&#8220; global_colors_info=&#8220;{}&#8220;][/et_pb_column][et_pb_column type=&#8220;3_5&#8243; _builder_version=&#8220;4.14.7&#8243; _module_preset=&#8220;default&#8220; global_colors_info=&#8220;{}&#8220;][et_pb_code _builder_version=&#8220;4.14.7&#8243; _module_preset=&#8220;default&#8220; hover_enabled=&#8220;0&#8243; global_colors_info=&#8220;{}&#8220; sticky_enabled=&#8220;0&#8243; custom_margin=&#8220;-350px||||false|false&#8220;]</p>
<div style="padding:56.25% 0 0 0;position:relative;"><iframe src="https://player.vimeo.com/video/529204348?h=573b5201d3&#038;badge=0&#038;autopause=0&#038;player_id=0&#038;app_id=58479" frameborder="0" allow="autoplay; fullscreen; picture-in-picture" allowfullscreen style="position:absolute;top:0;left:0;width:100%;height:100%;" title="Wie geht Fasten"></iframe></div>
<p><script src="https://player.vimeo.com/api/player.js"></script>[/et_pb_code][et_pb_button button_text=&#8220;PDF zum Video&#8220; _builder_version=&#8220;4.14.7&#8243; _module_preset=&#8220;default&#8220; global_colors_info=&#8220;{}&#8220;][/et_pb_button][et_pb_cta title=&#8220;Hier klicken&#8220; button_text=&#8220;Hier klicken&#8220; _builder_version=&#8220;4.14.7&#8243; _module_preset=&#8220;default&#8220; background_color=&#8220;#ff0000&#8243; global_colors_info=&#8220;{}&#8220;]</p>
<p><strong>Jetzt Seminar starten!</strong></p>
<p>[/et_pb_cta][/et_pb_column][et_pb_column type=&#8220;1_5&#8243; _builder_version=&#8220;4.14.7&#8243; _module_preset=&#8220;default&#8220; global_colors_info=&#8220;{}&#8220;][/et_pb_column][/et_pb_row][/et_pb_section]</p>

<p>Begleitete Fasten-Woche Fasten ist eine grossartige, wenn nicht sogar die effektivste Methode, das Immunsystem zu stärken, den Körper zu entgiften, Abhängigkeiten loszuwerden (Rauchen, Süssigkeiten) und dabei noch dauerhaft Gewicht zu verlieren. &nbsp;Wie geht Fasten? Schau Dir diese kurze Video zur Fastenwoche an, dort erkläre ich Dir alles was Du über die Fastenwoche wissen musst.Jetzt Seminar [&hellip;]</p>
