{"id":290,"date":"2022-02-02T16:11:24","date_gmt":"2022-02-02T15:11:24","guid":{"rendered":"https:\/\/test.institut-frei-raum.ch\/?page_id=290"},"modified":"2022-02-12T07:24:01","modified_gmt":"2022-02-12T06:24:01","slug":"seminare","status":"publish","type":"page","link":"https:\/\/test.institut-frei-raum.ch\/index.php\/seminare\/","title":{"rendered":"Seminar\u00fcbersicht"},"content":{"rendered":"<p>[et_pb_section fb_built=&#8220;1&#8243; _builder_version=&#8220;4.14.7&#8243; use_background_color_gradient=&#8220;on&#8220; background_color_gradient_start=&#8220;rgba(255,255,255,0.5)&#8220; background_color_gradient_end=&#8220;#ffffff&#8220; background_color_gradient_overlays_image=&#8220;on&#8220; background_image=&#8220;https:\/\/test.institut-frei-raum.ch\/wp-content\/uploads\/2022\/02\/webinar-4216601_1920.jpg&#8220; custom_margin=&#8220;||||false&#8220; custom_padding=&#8220;14vw||4vw||false|false&#8220; global_colors_info=&#8220;{}&#8220;][et_pb_row _builder_version=&#8220;3.25&#8243; animation_style=&#8220;fade&#8220; global_colors_info=&#8220;{}&#8220;][et_pb_column type=&#8220;4_4&#8243; _builder_version=&#8220;3.25&#8243; custom_padding=&#8220;|||&#8220; global_colors_info=&#8220;{}&#8220; custom_padding__hover=&#8220;|||&#8220;][et_pb_text _builder_version=&#8220;4.14.7&#8243; text_font=&#8220;||||||||&#8220; text_text_color=&#8220;#000000&#8243; text_font_size=&#8220;18px&#8220; text_line_height=&#8220;2em&#8220; header_font=&#8220;|300|||||||&#8220; header_text_color=&#8220;#739300&#8243; header_font_size=&#8220;50px&#8220; header_line_height=&#8220;1.4em&#8220; text_orientation=&#8220;center&#8220; max_width=&#8220;700px&#8220; module_alignment=&#8220;center&#8220; hover_enabled=&#8220;0&#8243; header_font_size_tablet=&#8220;40px&#8220; header_font_size_phone=&#8220;32px&#8220; header_font_size_last_edited=&#8220;on|desktop&#8220; text_text_shadow_style=&#8220;preset1&#8243; global_colors_info=&#8220;{}&#8220; sticky_enabled=&#8220;0&#8243;]<\/p>\n<h1>Pr\u00e4senz- und Online-Seminare<\/h1>\n<h2>Online- und Pr\u00e4senzseminare f\u00fcr Gesundheit, Pers\u00f6nlichkeitsentwicklung und Lebenspflege.<\/h2>\n<p>[\/et_pb_text][\/et_pb_column][\/et_pb_row][\/et_pb_section][et_pb_section fb_built=&#8220;1&#8243; _builder_version=&#8220;4.14.7&#8243; _module_preset=&#8220;default&#8220; background_color=&#8220;rgba(60,158,22,0.12)&#8220; global_colors_info=&#8220;{}&#8220;][et_pb_row column_structure=&#8220;1_5,3_5,1_5&#8243; _builder_version=&#8220;4.14.7&#8243; _module_preset=&#8220;default&#8220; background_color=&#8220;rgba(73,150,22,0.16)&#8220; min_height=&#8220;92px&#8220; global_colors_info=&#8220;{}&#8220;][et_pb_column type=&#8220;1_5&#8243; _builder_version=&#8220;4.14.7&#8243; _module_preset=&#8220;default&#8220; global_colors_info=&#8220;{}&#8220;][\/et_pb_column][et_pb_column type=&#8220;3_5&#8243; _builder_version=&#8220;4.14.7&#8243; _module_preset=&#8220;default&#8220; global_colors_info=&#8220;{}&#8220;][et_pb_text _builder_version=&#8220;4.14.7&#8243; _module_preset=&#8220;default&#8220; header_font=&#8220;|||on|||||&#8220; header_text_shadow_style=&#8220;preset1&#8243; global_colors_info=&#8220;{}&#8220;]<\/p>\n<h1 style=\"text-align: center;\">Online-Seminare<\/h1>\n<p>[\/et_pb_text][\/et_pb_column][et_pb_column type=&#8220;1_5&#8243; _builder_version=&#8220;4.14.7&#8243; _module_preset=&#8220;default&#8220; global_colors_info=&#8220;{}&#8220;][\/et_pb_column][\/et_pb_row][et_pb_row column_structure=&#8220;1_3,1_3,1_3&#8243; _builder_version=&#8220;4.14.7&#8243; _module_preset=&#8220;default&#8220; global_colors_info=&#8220;{}&#8220;][et_pb_column type=&#8220;1_3&#8243; _builder_version=&#8220;4.14.7&#8243; _module_preset=&#8220;default&#8220; global_colors_info=&#8220;{}&#8220;][et_pb_blurb title=&#8220;Begleitetes Fastenseminar&#8220; image=&#8220;https:\/\/test.institut-frei-raum.ch\/wp-content\/uploads\/2022\/02\/drink-1532300_1920-e1644164101581.jpg&#8220; _builder_version=&#8220;4.14.7&#8243; _module_preset=&#8220;default&#8220; header_level=&#8220;h3&#8243; header_text_color=&#8220;#000000&#8243; body_text_color=&#8220;#000000&#8243; global_colors_info=&#8220;{}&#8220;]<\/p>\n<p style=\"margin: 0in; font-family: Tahoma; font-size: 12.0pt;\">M\u00f6chtest Du Deinen K\u00f6rper <strong>richtig entschlacken<\/strong>, Dein <strong>Immunsystem st\u00e4rken<\/strong>, und dabei <strong>nachhaltig Gewicht verlieren?<\/strong> Dabei vielleicht noch l\u00e4stige Gewohnheiten wie <strong>Rauchen<\/strong>, S\u00fcssigkeiten oder Alkohol<strong> loswerden?<\/strong><\/p>\n<p>[\/et_pb_blurb][et_pb_button button_url=&#8220;@ET-DC@eyJkeW5hbWljIjp0cnVlLCJjb250ZW50IjoicG9zdF9saW5rX3VybF9wYWdlIiwic2V0dGluZ3MiOnsicG9zdF9pZCI6IjMwMiJ9fQ==@&#8220; button_text=&#8220;Mehr erfahren&#8220; button_alignment=&#8220;right&#8220; _builder_version=&#8220;4.14.7&#8243; _dynamic_attributes=&#8220;button_url&#8220; _module_preset=&#8220;default&#8220; custom_button=&#8220;on&#8220; button_text_size=&#8220;14px&#8220; button_text_color=&#8220;#FFFFFF&#8220; button_bg_color=&#8220;#E09900&#8243; button_border_width=&#8220;4px&#8220; button_border_color=&#8220;#E09900&#8243; button_border_radius=&#8220;100px&#8220; button_font=&#8220;|||on|||||&#8220; button_icon_color=&#8220;#E09900&#8243; button_text_shadow_style=&#8220;preset1&#8243; global_colors_info=&#8220;{}&#8220;][\/et_pb_button][\/et_pb_column][et_pb_column type=&#8220;1_3&#8243; _builder_version=&#8220;4.14.7&#8243; _module_preset=&#8220;default&#8220; global_colors_info=&#8220;{}&#8220;][et_pb_blurb title=&#8220;Seminare zur Lebenspflege&#8220; image=&#8220;https:\/\/test.institut-frei-raum.ch\/wp-content\/uploads\/2022\/02\/reading-3355230_1920-e1644163990185.jpg&#8220; _builder_version=&#8220;4.14.7&#8243; _module_preset=&#8220;default&#8220; header_level=&#8220;h3&#8243; header_text_color=&#8220;#000000&#8243; body_text_color=&#8220;#000000&#8243; global_colors_info=&#8220;{}&#8220;]<\/p>\n<p>Hier findest Du <strong>Vortr\u00e4ge<\/strong> und <strong>Seminare<\/strong> zu verschiedenen Themen im Bereich <strong>Pers\u00f6nlichkeitsentwicklung<\/strong> und <strong>Lebenspflege<\/strong>.<\/p>\n<p>[\/et_pb_blurb][et_pb_button button_url=&#8220;@ET-DC@eyJkeW5hbWljIjp0cnVlLCJjb250ZW50IjoicG9zdF9saW5rX3VybF9wYWdlIiwic2V0dGluZ3MiOnsicG9zdF9pZCI6IjI5MCJ9fQ==@&#8220; button_text=&#8220;Mehr erfahren&#8220; button_alignment=&#8220;right&#8220; _builder_version=&#8220;4.14.7&#8243; _dynamic_attributes=&#8220;button_url&#8220; _module_preset=&#8220;default&#8220; custom_button=&#8220;on&#8220; button_text_size=&#8220;14px&#8220; button_text_color=&#8220;#FFFFFF&#8220; button_bg_color=&#8220;#E09900&#8243; button_border_width=&#8220;4px&#8220; button_border_color=&#8220;#E09900&#8243; button_border_radius=&#8220;100px&#8220; button_font=&#8220;|||on|||||&#8220; button_text_shadow_style=&#8220;preset1&#8243; global_colors_info=&#8220;{}&#8220;][\/et_pb_button][\/et_pb_column][et_pb_column type=&#8220;1_3&#8243; _builder_version=&#8220;4.14.7&#8243; _module_preset=&#8220;default&#8220; global_colors_info=&#8220;{}&#8220;][et_pb_blurb title=&#8220;Muul\u00f6rgeli-St\u00fccke einfach lernen&#8220; image=&#8220;https:\/\/test.institut-frei-raum.ch\/wp-content\/uploads\/2022\/02\/Muuloergeli.png&#8220; _builder_version=&#8220;4.14.7&#8243; _module_preset=&#8220;default&#8220; header_level=&#8220;h3&#8243; header_text_color=&#8220;#000000&#8243; body_text_color=&#8220;#000000&#8243; global_colors_info=&#8220;{}&#8220;]<\/p>\n<p>Hier kannst Du ganz <strong>einfach selber<\/strong>, und <strong>ohne Notenkenntnisse<\/strong>, Muul\u00f6rgeli-St\u00fccke lernen. Mit ganz <strong>einfachen Anleitungen<\/strong> kannst Du jede einzelene Stimme in <strong>Deinem Lerntempo<\/strong> lernen, bis Du das St\u00fcck <strong>perfekt<\/strong> und auswendig <strong>spielen<\/strong> kannst.<\/p>\n<p>[\/et_pb_blurb][et_pb_button button_text=&#8220;Mehr erfahren&#8220; button_alignment=&#8220;right&#8220; _builder_version=&#8220;4.14.7&#8243; _module_preset=&#8220;default&#8220; custom_button=&#8220;on&#8220; button_text_size=&#8220;14px&#8220; button_text_color=&#8220;#FFFFFF&#8220; button_bg_color=&#8220;#E09900&#8243; button_border_width=&#8220;4px&#8220; button_border_color=&#8220;#E09900&#8243; button_border_radius=&#8220;100px&#8220; button_font=&#8220;|||on|||||&#8220; button_text_shadow_style=&#8220;preset1&#8243; global_colors_info=&#8220;{}&#8220;][\/et_pb_button][\/et_pb_column][\/et_pb_row][\/et_pb_section][et_pb_section fb_built=&#8220;1&#8243; _builder_version=&#8220;4.14.7&#8243; _module_preset=&#8220;default&#8220; background_color=&#8220;rgba(73,150,22,0.25)&#8220; global_colors_info=&#8220;{}&#8220;][et_pb_row column_structure=&#8220;1_5,3_5,1_5&#8243; _builder_version=&#8220;4.14.7&#8243; _module_preset=&#8220;default&#8220; background_color=&#8220;rgba(73,150,22,0.16)&#8220; global_colors_info=&#8220;{}&#8220;][et_pb_column type=&#8220;1_5&#8243; _builder_version=&#8220;4.14.7&#8243; _module_preset=&#8220;default&#8220; global_colors_info=&#8220;{}&#8220;][\/et_pb_column][et_pb_column type=&#8220;3_5&#8243; _builder_version=&#8220;4.14.7&#8243; _module_preset=&#8220;default&#8220; global_colors_info=&#8220;{}&#8220;][et_pb_text _builder_version=&#8220;4.14.7&#8243; _module_preset=&#8220;default&#8220; header_font=&#8220;|||on|||||&#8220; header_text_shadow_style=&#8220;preset1&#8243; global_colors_info=&#8220;{}&#8220;]<\/p>\n<h1 style=\"text-align: center;\">Pr\u00e4senz-Seminare<\/h1>\n<p>[\/et_pb_text][\/et_pb_column][et_pb_column type=&#8220;1_5&#8243; _builder_version=&#8220;4.14.7&#8243; _module_preset=&#8220;default&#8220; global_colors_info=&#8220;{}&#8220;][\/et_pb_column][\/et_pb_row][et_pb_row column_structure=&#8220;1_3,1_3,1_3&#8243; _builder_version=&#8220;4.14.7&#8243; _module_preset=&#8220;default&#8220; global_colors_info=&#8220;{}&#8220;][et_pb_column type=&#8220;1_3&#8243; _builder_version=&#8220;4.14.7&#8243; _module_preset=&#8220;default&#8220; global_colors_info=&#8220;{}&#8220;][et_pb_blurb title=&#8220;Spielregeln des Lebens&#8220; image=&#8220;https:\/\/test.institut-frei-raum.ch\/wp-content\/uploads\/2022\/02\/WP-Logo.jpg&#8220; _builder_version=&#8220;4.14.7&#8243; _module_preset=&#8220;default&#8220; header_level=&#8220;h3&#8243; header_text_color=&#8220;#000000&#8243; body_text_color=&#8220;#000000&#8243; global_colors_info=&#8220;{}&#8220;]<\/p>\n<p style=\"margin: 0in; font-family: Tahoma; font-size: 12.0pt;\">Hier lernst Du die Spielregeln des Lebens<strong><br \/><\/strong><\/p>\n<p>[\/et_pb_blurb][et_pb_button button_url=&#8220;@ET-DC@eyJkeW5hbWljIjp0cnVlLCJjb250ZW50IjoicG9zdF9saW5rX3VybF9wYWdlIiwic2V0dGluZ3MiOnsicG9zdF9pZCI6IjMwMiJ9fQ==@&#8220; button_text=&#8220;mehr Erfahren&#8220; button_alignment=&#8220;right&#8220; _builder_version=&#8220;4.14.7&#8243; _dynamic_attributes=&#8220;button_url&#8220; _module_preset=&#8220;default&#8220; custom_button=&#8220;on&#8220; button_text_size=&#8220;14px&#8220; button_text_color=&#8220;#FFFFFF&#8220; button_bg_color=&#8220;#E09900&#8243; button_border_width=&#8220;4px&#8220; button_border_color=&#8220;#E09900&#8243; button_border_radius=&#8220;100px&#8220; button_font=&#8220;|||on|||||&#8220; button_icon_color=&#8220;#E09900&#8243; button_text_shadow_style=&#8220;preset1&#8243; global_colors_info=&#8220;{}&#8220;][\/et_pb_button][\/et_pb_column][et_pb_column type=&#8220;1_3&#8243; _builder_version=&#8220;4.14.7&#8243; _module_preset=&#8220;default&#8220; global_colors_info=&#8220;{}&#8220;][\/et_pb_column][et_pb_column type=&#8220;1_3&#8243; _builder_version=&#8220;4.14.7&#8243; _module_preset=&#8220;default&#8220; global_colors_info=&#8220;{}&#8220;][\/et_pb_column][\/et_pb_row][\/et_pb_section]<\/p>\n","protected":false},"excerpt":{"rendered":"<p>Pr\u00e4senz- und Online-Seminare Online- und Pr\u00e4senzseminare f\u00fcr Gesundheit, Pers\u00f6nlichkeitsentwicklung und Lebenspflege.Online-SeminareM\u00f6chtest Du Deinen K\u00f6rper richtig entschlacken, Dein Immunsystem st\u00e4rken, und dabei nachhaltig Gewicht verlieren? Dabei vielleicht noch l\u00e4stige Gewohnheiten wie Rauchen, S\u00fcssigkeiten oder Alkohol loswerden?Hier findest Du Vortr\u00e4ge und Seminare zu verschiedenen Themen im Bereich Pers\u00f6nlichkeitsentwicklung und Lebenspflege.Hier kannst Du ganz einfach selber, und ohne [&hellip;]<\/p>\n","protected":false},"author":1,"featured_media":0,"parent":0,"menu_order":4,"comment_status":"closed","ping_status":"closed","template":"","meta":{"_et_pb_use_builder":"on","_et_pb_old_content":"","_et_gb_content_width":"","footnotes":""},"class_list":["post-290","page","type-page","status-publish","hentry"],"_links":{"self":[{"href":"https:\/\/test.institut-frei-raum.ch\/index.php\/wp-json\/wp\/v2\/pages\/290","targetHints":{"allow":["GET"]}}],"collection":[{"href":"https:\/\/test.institut-frei-raum.ch\/index.php\/wp-json\/wp\/v2\/pages"}],"about":[{"href":"https:\/\/test.institut-frei-raum.ch\/index.php\/wp-json\/wp\/v2\/types\/page"}],"author":[{"embeddable":true,"href":"https:\/\/test.institut-frei-raum.ch\/index.php\/wp-json\/wp\/v2\/users\/1"}],"replies":[{"embeddable":true,"href":"https:\/\/test.institut-frei-raum.ch\/index.php\/wp-json\/wp\/v2\/comments?post=290"}],"version-history":[{"count":44,"href":"https:\/\/test.institut-frei-raum.ch\/index.php\/wp-json\/wp\/v2\/pages\/290\/revisions"}],"predecessor-version":[{"id":1083,"href":"https:\/\/test.institut-frei-raum.ch\/index.php\/wp-json\/wp\/v2\/pages\/290\/revisions\/1083"}],"wp:attachment":[{"href":"https:\/\/test.institut-frei-raum.ch\/index.php\/wp-json\/wp\/v2\/media?parent=290"}],"curies":[{"name":"wp","href":"https:\/\/api.w.org\/{rel}","templated":true}]}}