{"id":269,"date":"2022-02-02T15:42:02","date_gmt":"2022-02-02T14:42:02","guid":{"rendered":"https:\/\/test.institut-frei-raum.ch\/?page_id=269"},"modified":"2022-02-11T22:25:37","modified_gmt":"2022-02-11T21:25:37","slug":"meine-geschichte","status":"publish","type":"page","link":"https:\/\/test.institut-frei-raum.ch\/index.php\/meine-geschichte\/","title":{"rendered":"\u00fcber mich"},"content":{"rendered":"<p>[et_pb_section fb_built=&#8220;1&#8243; admin_label=&#8220;About Me&#8220; _builder_version=&#8220;4.14.7&#8243; custom_padding=&#8220;54px|0px|0|0px|false|false&#8220; global_colors_info=&#8220;{}&#8220;][et_pb_row column_structure=&#8220;1_4,3_4&#8243; use_custom_gutter=&#8220;on&#8220; padding_top_bottom_link_2=&#8220;true&#8220; padding_left_right_link_2=&#8220;true&#8220; _builder_version=&#8220;3.25&#8243; max_width=&#8220;80%&#8220; custom_margin=&#8220;|0px||&#8220; custom_margin_tablet=&#8220;|10%||10%||true&#8220; custom_margin_phone=&#8220;&#8220; custom_margin_last_edited=&#8220;on|tablet&#8220; custom_padding=&#8220;100px|0px|0|0px|false|false&#8220; use_custom_width=&#8220;on&#8220; width_unit=&#8220;off&#8220; global_colors_info=&#8220;{}&#8220;][et_pb_column type=&#8220;1_4&#8243; _builder_version=&#8220;3.25&#8243; custom_padding=&#8220;|||&#8220; global_colors_info=&#8220;{}&#8220; custom_padding__hover=&#8220;|||&#8220;][et_pb_image src=&#8220;https:\/\/test.institut-frei-raum.ch\/wp-content\/uploads\/2022\/02\/01NIK_4073-scaled.jpg&#8220; alt=&#8220;Geschichte Hans&#8220; title_text=&#8220;01NIK_4073&#8243; align_tablet=&#8220;center&#8220; align_phone=&#8220;center&#8220; align_last_edited=&#8220;on|desktop&#8220; _builder_version=&#8220;4.14.7&#8243; custom_margin=&#8220;-60px|-50%||&#8220; custom_margin_tablet=&#8220;|0%||&#8220; custom_margin_phone=&#8220;&#8220; custom_margin_last_edited=&#8220;on|tablet&#8220; animation_style=&#8220;slide&#8220; animation_direction=&#8220;right&#8220; animation_intensity_slide=&#8220;5%&#8220; global_colors_info=&#8220;{}&#8220;][\/et_pb_image][\/et_pb_column][et_pb_column type=&#8220;3_4&#8243; _builder_version=&#8220;3.25&#8243; background_color=&#8220;#f7f9fc&#8220; custom_padding=&#8220;40px|60px|40px|60px&#8220; custom_padding_tablet=&#8220;40px|60px|40px|60px&#8220; custom_padding_phone=&#8220;|40px||40px||true&#8220; custom_padding_last_edited=&#8220;on|phone&#8220; global_colors_info=&#8220;{}&#8220; padding_phone=&#8220;|40px||40px||true&#8220; padding_last_edited=&#8220;on|phone&#8220; custom_padding__hover=&#8220;|||&#8220;][et_pb_text _builder_version=&#8220;4.14.7&#8243; text_font=&#8220;||||||||&#8220; text_font_size=&#8220;16px&#8220; text_line_height=&#8220;2em&#8220; header_font=&#8220;||||||||&#8220; header_2_font=&#8220;|300|||||||&#8220; header_2_font_size=&#8220;40px&#8220; header_2_line_height=&#8220;1.4em&#8220; header_5_font=&#8220;||||||||&#8220; header_5_text_color=&#8220;#7f8dff&#8220; header_5_line_height=&#8220;2em&#8220; max_width=&#8220;700px&#8220; header_2_font_size_tablet=&#8220;&#8220; header_2_font_size_phone=&#8220;30px&#8220; header_2_font_size_last_edited=&#8220;on|phone&#8220; locked=&#8220;off&#8220; global_colors_info=&#8220;{}&#8220;]<\/p>\n<h3>Meine Geschichte<\/h3>\n<p>Ich bin Vater von 3 erwachsenen Kindern und sehr gl\u00fccklich, seit mehr als 35 Jahren meine Berufung leben zu d\u00fcrfen. Schon in der Lehre zum Schreiner sp\u00fcrte ich die Kraft der Gedanken und ihren Einfluss auf den K\u00f6rper. W\u00e4hrend gut 10 Jahren als Leistungssportler weckten mentale Trainingsmethoden sowie naturheilkundliche Therapien mein Interesse. Viele, viele liebe Menschen, erw\u00e4hnen m\u00f6chte ich meine engsten Wegbegleiter Hans Chesini, Natale Ferronato, Traugott Nikolaus B\u00fcchel sowie Bruno Steiner und Johann Wittmann, und zahllose Begegnungen haben mir immer wieder T\u00fcren ge\u00f6ffnet und mich weitergebracht. Schon immer haben mich auch Grenzwissenschaften und philosophische Themen stark interessiert und gepr\u00e4gt. So haben in den bald 30 Jahren die Arbeiten von Ruediger Dahlke, Armin Risi, Dieter Broers, Gerard H\u00fcter, Danele Ganser und Axel Klitzke mich und meine Arbeit als Dozent oder Heilpraktiker stark beeinflusst.<\/p>\n<p>2016 erf\u00fcllte sich ein lange gehegter Traum. Ich durfte zusammen mit dem \u00c4gyptologen und Buchautor Axel Klitzke und dem Professor der Altert\u00fcmerverwaltung in Kairo Prof. Dr. Ahmed Osman, an einer l\u00e4ngeren Forschungsreise durch die bedeutesten Bauwerke in \u00c4gypten teilnemen.<br \/>2017 wurde es mir, dank meiner \u00e4gyptischen Freunde, sogar erm\u00f6glicht, die Pyramiden von Gizeh ganz alleine f\u00fcr mich und meine Reisgruppe zur Verf\u00fcgung zu haben. Dies war ein sehr beeindruckendes Erlebnis.<\/p>\n<p>Meine Freizeit verbringe ich am liebsten mit meiner Familie, in den Bergen, Musik und Silvesterchlausen.<\/p>\n<p>[\/et_pb_text][\/et_pb_column][\/et_pb_row][\/et_pb_section][et_pb_section fb_built=&#8220;1&#8243; admin_label=&#8220;Services&#8220; _builder_version=&#8220;4.14.7&#8243; background_color=&#8220;rgba(0,219,21,0.2)&#8220; use_background_color_gradient=&#8220;on&#8220; background_color_gradient_start=&#8220;rgba(255,255,255,0)&#8220; background_color_gradient_end=&#8220;#ffffff&#8220; background_color_gradient_type=&#8220;radial&#8220; background_color_gradient_start_position=&#8220;67%&#8220; background_color_gradient_overlays_image=&#8220;on&#8220; background_enable_image=&#8220;off&#8220; custom_padding=&#8220;0vw||10vw||false|false&#8220; global_colors_info=&#8220;{}&#8220;][et_pb_row _builder_version=&#8220;4.14.7&#8243; background_color=&#8220;rgba(128,206,76,0.23)&#8220; global_colors_info=&#8220;{}&#8220;][et_pb_column type=&#8220;4_4&#8243; _builder_version=&#8220;3.25&#8243; custom_padding=&#8220;|||&#8220; global_colors_info=&#8220;{}&#8220; custom_padding__hover=&#8220;|||&#8220;][et_pb_text _builder_version=&#8220;4.14.7&#8243; text_font=&#8220;||||||||&#8220; text_font_size=&#8220;16px&#8220; text_line_height=&#8220;2em&#8220; header_font=&#8220;|||on|||||&#8220; header_2_font=&#8220;|300||on|||||&#8220; header_2_font_size=&#8220;40px&#8220; header_2_line_height=&#8220;1.4em&#8220; header_5_font=&#8220;||||||||&#8220; header_5_text_color=&#8220;#7f8dff&#8220; header_5_line_height=&#8220;2em&#8220; background_color=&#8220;RGBA(255,255,255,0)&#8220; text_orientation=&#8220;center&#8220; max_width=&#8220;700px&#8220; module_alignment=&#8220;center&#8220; header_2_font_size_tablet=&#8220;&#8220; header_2_font_size_phone=&#8220;30px&#8220; header_2_font_size_last_edited=&#8220;on|phone&#8220; header_text_shadow_style=&#8220;preset1&#8243; header_2_text_shadow_style=&#8220;preset1&#8243; locked=&#8220;off&#8220; global_colors_info=&#8220;{}&#8220;]<\/p>\n<h2>Zeit und Wissen,<br \/>eingebunden in K\u00f6nnen<\/h2>\n<p>[\/et_pb_text][\/et_pb_column][\/et_pb_row][et_pb_row column_structure=&#8220;1_2,1_2&#8243; _builder_version=&#8220;3.25&#8243; custom_padding=&#8220;27px|0px|27px|0px|false|false&#8220; global_colors_info=&#8220;{}&#8220;][et_pb_column type=&#8220;1_2&#8243; _builder_version=&#8220;3.25&#8243; custom_padding=&#8220;|||&#8220; global_colors_info=&#8220;{}&#8220; custom_padding__hover=&#8220;|||&#8220;][et_pb_image src=&#8220;https:\/\/test.institut-frei-raum.ch\/wp-content\/uploads\/2022\/02\/reading-3355230_1920.jpg&#8220; title_text=&#8220;reading-3355230_1920&#8243; align=&#8220;right&#8220; align_tablet=&#8220;center&#8220; align_phone=&#8220;center&#8220; align_last_edited=&#8220;on|desktop&#8220; _builder_version=&#8220;4.14.7&#8243; animation_style=&#8220;fade&#8220; global_colors_info=&#8220;{}&#8220;][\/et_pb_image][et_pb_text _builder_version=&#8220;4.14.7&#8243; _module_preset=&#8220;default&#8220; text_text_color=&#8220;#000000&#8243; header_text_color=&#8220;#000000&#8243; hover_enabled=&#8220;0&#8243; global_colors_info=&#8220;{}&#8220; sticky_enabled=&#8220;0&#8243; text_font_size=&#8220;16px&#8220;]<\/p>\n<h3>Ausbildungen in ThetaHealing<\/h3>\n<ul>\n<li>DNA 1 Practitioner &amp; Lehrer<\/li>\n<li>DNA 2 Practitioner &amp; Lehrer<\/li>\n<li>DNA 3 Practitioner<\/li>\n<li>Grabe tiefer Practitioner &amp; Lehrer<\/li>\n<li>Wohlstandsbewusstsein Practitioner<\/li>\n<li>Seelenpartner 1+2 Practitioner &amp; Lehrer<\/li>\n<li>Manifestieren und \u00dcberfluss Practitioner &amp; Lehrer<\/li>\n<li>Intuitive Anatomie Practitioner<\/li>\n<li>Weltenbewusstsein Practitioner<\/li>\n<li>Du und Deine Bessere H\u00e4lfte Practitioner &amp; Lehrer<\/li>\n<li>Du und der Sch\u00f6pfer Practitioner &amp; Lehrer<\/li>\n<\/ul>\n<ul><\/ul>\n<p>[\/et_pb_text][\/et_pb_column][et_pb_column type=&#8220;1_2&#8243; _builder_version=&#8220;3.25&#8243; custom_padding=&#8220;80px|||&#8220; custom_padding_tablet=&#8220;0px|||&#8220; custom_padding_phone=&#8220;0px|||&#8220; custom_padding_last_edited=&#8220;on|tablet&#8220; global_colors_info=&#8220;{}&#8220; padding_tablet=&#8220;0px|||&#8220; padding_last_edited=&#8220;on|tablet&#8220; custom_padding__hover=&#8220;|||&#8220; padding_phone=&#8220;0px|||&#8220;][et_pb_text _builder_version=&#8220;4.14.7&#8243; text_font=&#8220;||||||||&#8220; text_text_color=&#8220;#000000&#8243; text_font_size=&#8220;16px&#8220; text_line_height=&#8220;2em&#8220; header_font=&#8220;||||||||&#8220; header_2_font=&#8220;||||||||&#8220; header_3_font=&#8220;Montserrat||||||||&#8220; header_3_line_height=&#8220;1.4em&#8220; header_5_font=&#8220;||||||||&#8220; header_5_text_color=&#8220;#7f8dff&#8220; header_5_line_height=&#8220;2em&#8220; max_width=&#8220;700px&#8220; hover_enabled=&#8220;0&#8243; header_2_font_size_phone=&#8220;30px&#8220; header_2_font_size_last_edited=&#8220;off|desktop&#8220; locked=&#8220;off&#8220; global_colors_info=&#8220;{}&#8220; sticky_enabled=&#8220;0&#8243;]<\/p>\n<h3>Ausbildungen in Naturheilkunde<\/h3>\n<ul>\n<li>Med. Massage, physikalisch-therapeutische Anwendungen am ganzen K\u00f6rper, Wirbels\u00e4ulenbehandlung, Fussreflexzonentherapie (FRZ), Sportbetreuer Bindegewebsmassage nach Dicke, bei CELLSAN\u00ae (CH)<\/li>\n<li>Kant. appr. Heilpraktiker an der NVS Schule (CH)<\/li>\n<li>Akupunktur, chin. Pharmakologie, Tuina, Tai Qi Qi Gong am ABZ S\u00fcd der AgTCM\u00ae Bruno Steiner, Johann Wittmann (D)<\/li>\n<li>Komplexhom\u00f6opathie, Pathophysiognomie und Biotensor bei Natale Ferronato (CH)<\/li>\n<li>Neuraltherapie nach Hunecke bei Dr. med. Rainer Wander (D)<\/li>\n<li>Ohrakupunktur bei G\u00fcnther Lange (D)<\/li>\n<li>Geistheilung, Heilmagnetismus, Runenlehre, Alpha-dynamisations Training, Autogenes Training spped mental Power Training an der SMPT Akademie\u00ae T. N. B\u00fcchel (CH)<\/li>\n<li>APM nach Penzel, Gelenkrichtkunst bei Emil Peter (A)<\/li>\n<li>Erwachsenenbildner SVEB\u00ae bei TRIEDUCATION (CH)<\/li>\n<li>Psychosomatk bei Dr. med. Ruediger Dahlke (A)<\/li>\n<li>Di\u00e4tetik und Hauterkrankungen bei Dr. med. Jason Uchida Hawaii (HI)<\/li>\n<li>TCM, Bereich Fertilit\u00e4t und Gyn\u00e4kologie bei Dr. med. Edde Uchida Hawaii (HI)<\/li>\n<li>Metabolic-Balance\u00ae Betreuer, Dr. med. Wolf Funfack (D)<\/li>\n<li>Dorn-Therapie bei Bodyfeet (CH)<\/li>\n<li>Phytoterapie bei Jo Marti (CH)<\/li>\n<li>Sch\u00fcssler-Salze bei Jo Marti (CH)<\/li>\n<li>ThetaHealing\u00ae bei Vianna Stibal<\/li>\n<li>Gemmo-Tehrapie bei Louis Hutter (CH)<\/li>\n<li>Integrale Medizin bei Dr. Ruediger Dahlke (A)<\/li>\n<li>Fastenbegleiter bei Dr. Ruediger Dahlke (A)<\/li>\n<\/ul>\n<p>[\/et_pb_text][\/et_pb_column][\/et_pb_row][\/et_pb_section]<\/p>\n","protected":false},"excerpt":{"rendered":"<p>Meine Geschichte Ich bin Vater von 3 erwachsenen Kindern und sehr gl\u00fccklich, seit mehr als 35 Jahren meine Berufung leben zu d\u00fcrfen. Schon in der Lehre zum Schreiner sp\u00fcrte ich die Kraft der Gedanken und ihren Einfluss auf den K\u00f6rper. W\u00e4hrend gut 10 Jahren als Leistungssportler weckten mentale Trainingsmethoden sowie naturheilkundliche Therapien mein Interesse. Viele, [&hellip;]<\/p>\n","protected":false},"author":1,"featured_media":0,"parent":0,"menu_order":3,"comment_status":"closed","ping_status":"closed","template":"","meta":{"_et_pb_use_builder":"on","_et_pb_old_content":"","_et_gb_content_width":"","footnotes":""},"class_list":["post-269","page","type-page","status-publish","hentry"],"_links":{"self":[{"href":"https:\/\/test.institut-frei-raum.ch\/index.php\/wp-json\/wp\/v2\/pages\/269","targetHints":{"allow":["GET"]}}],"collection":[{"href":"https:\/\/test.institut-frei-raum.ch\/index.php\/wp-json\/wp\/v2\/pages"}],"about":[{"href":"https:\/\/test.institut-frei-raum.ch\/index.php\/wp-json\/wp\/v2\/types\/page"}],"author":[{"embeddable":true,"href":"https:\/\/test.institut-frei-raum.ch\/index.php\/wp-json\/wp\/v2\/users\/1"}],"replies":[{"embeddable":true,"href":"https:\/\/test.institut-frei-raum.ch\/index.php\/wp-json\/wp\/v2\/comments?post=269"}],"version-history":[{"count":20,"href":"https:\/\/test.institut-frei-raum.ch\/index.php\/wp-json\/wp\/v2\/pages\/269\/revisions"}],"predecessor-version":[{"id":1069,"href":"https:\/\/test.institut-frei-raum.ch\/index.php\/wp-json\/wp\/v2\/pages\/269\/revisions\/1069"}],"wp:attachment":[{"href":"https:\/\/test.institut-frei-raum.ch\/index.php\/wp-json\/wp\/v2\/media?parent=269"}],"curies":[{"name":"wp","href":"https:\/\/api.w.org\/{rel}","templated":true}]}}

über mich

<p>[et_pb_section fb_built=&#8220;1&#8243; admin_label=&#8220;About Me&#8220; _builder_version=&#8220;4.14.7&#8243; custom_padding=&#8220;54px|0px|0|0px|false|false&#8220; global_colors_info=&#8220;{}&#8220;][et_pb_row column_structure=&#8220;1_4,3_4&#8243; use_custom_gutter=&#8220;on&#8220; padding_top_bottom_link_2=&#8220;true&#8220; padding_left_right_link_2=&#8220;true&#8220; _builder_version=&#8220;3.25&#8243; max_width=&#8220;80%&#8220; custom_margin=&#8220;|0px||&#8220; custom_margin_tablet=&#8220;|10%||10%||true&#8220; custom_margin_phone=&#8220;&#8220; custom_margin_last_edited=&#8220;on|tablet&#8220; custom_padding=&#8220;100px|0px|0|0px|false|false&#8220; use_custom_width=&#8220;on&#8220; width_unit=&#8220;off&#8220; global_colors_info=&#8220;{}&#8220;][et_pb_column type=&#8220;1_4&#8243; _builder_version=&#8220;3.25&#8243; custom_padding=&#8220;|||&#8220; global_colors_info=&#8220;{}&#8220; custom_padding__hover=&#8220;|||&#8220;][et_pb_image src=&#8220;https://test.institut-frei-raum.ch/wp-content/uploads/2022/02/01NIK_4073-scaled.jpg&#8220; alt=&#8220;Geschichte Hans&#8220; title_text=&#8220;01NIK_4073&#8243; align_tablet=&#8220;center&#8220; align_phone=&#8220;center&#8220; align_last_edited=&#8220;on|desktop&#8220; _builder_version=&#8220;4.14.7&#8243; custom_margin=&#8220;-60px|-50%||&#8220; custom_margin_tablet=&#8220;|0%||&#8220; custom_margin_phone=&#8220;&#8220; custom_margin_last_edited=&#8220;on|tablet&#8220; animation_style=&#8220;slide&#8220; animation_direction=&#8220;right&#8220; animation_intensity_slide=&#8220;5%&#8220; global_colors_info=&#8220;{}&#8220;][/et_pb_image][/et_pb_column][et_pb_column type=&#8220;3_4&#8243; _builder_version=&#8220;3.25&#8243; background_color=&#8220;#f7f9fc&#8220; custom_padding=&#8220;40px|60px|40px|60px&#8220; custom_padding_tablet=&#8220;40px|60px|40px|60px&#8220; custom_padding_phone=&#8220;|40px||40px||true&#8220; custom_padding_last_edited=&#8220;on|phone&#8220; global_colors_info=&#8220;{}&#8220; padding_phone=&#8220;|40px||40px||true&#8220; padding_last_edited=&#8220;on|phone&#8220; custom_padding__hover=&#8220;|||&#8220;][et_pb_text _builder_version=&#8220;4.14.7&#8243; text_font=&#8220;||||||||&#8220; text_font_size=&#8220;16px&#8220; text_line_height=&#8220;2em&#8220; header_font=&#8220;||||||||&#8220; header_2_font=&#8220;|300|||||||&#8220; header_2_font_size=&#8220;40px&#8220; header_2_line_height=&#8220;1.4em&#8220; header_5_font=&#8220;||||||||&#8220; header_5_text_color=&#8220;#7f8dff&#8220; header_5_line_height=&#8220;2em&#8220; max_width=&#8220;700px&#8220; header_2_font_size_tablet=&#8220;&#8220; header_2_font_size_phone=&#8220;30px&#8220; header_2_font_size_last_edited=&#8220;on|phone&#8220; locked=&#8220;off&#8220; global_colors_info=&#8220;{}&#8220;]</p>
<h3>Meine Geschichte</h3>
<p>Ich bin Vater von 3 erwachsenen Kindern und sehr glücklich, seit mehr als 35 Jahren meine Berufung leben zu dürfen. Schon in der Lehre zum Schreiner spürte ich die Kraft der Gedanken und ihren Einfluss auf den Körper. Während gut 10 Jahren als Leistungssportler weckten mentale Trainingsmethoden sowie naturheilkundliche Therapien mein Interesse. Viele, viele liebe Menschen, erwähnen möchte ich meine engsten Wegbegleiter Hans Chesini, Natale Ferronato, Traugott Nikolaus Büchel sowie Bruno Steiner und Johann Wittmann, und zahllose Begegnungen haben mir immer wieder Türen geöffnet und mich weitergebracht. Schon immer haben mich auch Grenzwissenschaften und philosophische Themen stark interessiert und geprägt. So haben in den bald 30 Jahren die Arbeiten von Ruediger Dahlke, Armin Risi, Dieter Broers, Gerard Hüter, Danele Ganser und Axel Klitzke mich und meine Arbeit als Dozent oder Heilpraktiker stark beeinflusst.</p>
<p>2016 erfüllte sich ein lange gehegter Traum. Ich durfte zusammen mit dem Ägyptologen und Buchautor Axel Klitzke und dem Professor der Altertümerverwaltung in Kairo Prof. Dr. Ahmed Osman, an einer längeren Forschungsreise durch die bedeutesten Bauwerke in Ägypten teilnemen.<br />2017 wurde es mir, dank meiner ägyptischen Freunde, sogar ermöglicht, die Pyramiden von Gizeh ganz alleine für mich und meine Reisgruppe zur Verfügung zu haben. Dies war ein sehr beeindruckendes Erlebnis.</p>
<p>Meine Freizeit verbringe ich am liebsten mit meiner Familie, in den Bergen, Musik und Silvesterchlausen.</p>
<p>[/et_pb_text][/et_pb_column][/et_pb_row][/et_pb_section][et_pb_section fb_built=&#8220;1&#8243; admin_label=&#8220;Services&#8220; _builder_version=&#8220;4.14.7&#8243; background_color=&#8220;rgba(0,219,21,0.2)&#8220; use_background_color_gradient=&#8220;on&#8220; background_color_gradient_start=&#8220;rgba(255,255,255,0)&#8220; background_color_gradient_end=&#8220;#ffffff&#8220; background_color_gradient_type=&#8220;radial&#8220; background_color_gradient_start_position=&#8220;67%&#8220; background_color_gradient_overlays_image=&#8220;on&#8220; background_enable_image=&#8220;off&#8220; custom_padding=&#8220;0vw||10vw||false|false&#8220; global_colors_info=&#8220;{}&#8220;][et_pb_row _builder_version=&#8220;4.14.7&#8243; background_color=&#8220;rgba(128,206,76,0.23)&#8220; global_colors_info=&#8220;{}&#8220;][et_pb_column type=&#8220;4_4&#8243; _builder_version=&#8220;3.25&#8243; custom_padding=&#8220;|||&#8220; global_colors_info=&#8220;{}&#8220; custom_padding__hover=&#8220;|||&#8220;][et_pb_text _builder_version=&#8220;4.14.7&#8243; text_font=&#8220;||||||||&#8220; text_font_size=&#8220;16px&#8220; text_line_height=&#8220;2em&#8220; header_font=&#8220;|||on|||||&#8220; header_2_font=&#8220;|300||on|||||&#8220; header_2_font_size=&#8220;40px&#8220; header_2_line_height=&#8220;1.4em&#8220; header_5_font=&#8220;||||||||&#8220; header_5_text_color=&#8220;#7f8dff&#8220; header_5_line_height=&#8220;2em&#8220; background_color=&#8220;RGBA(255,255,255,0)&#8220; text_orientation=&#8220;center&#8220; max_width=&#8220;700px&#8220; module_alignment=&#8220;center&#8220; header_2_font_size_tablet=&#8220;&#8220; header_2_font_size_phone=&#8220;30px&#8220; header_2_font_size_last_edited=&#8220;on|phone&#8220; header_text_shadow_style=&#8220;preset1&#8243; header_2_text_shadow_style=&#8220;preset1&#8243; locked=&#8220;off&#8220; global_colors_info=&#8220;{}&#8220;]</p>
<h2>Zeit und Wissen,<br />eingebunden in Können</h2>
<p>[/et_pb_text][/et_pb_column][/et_pb_row][et_pb_row column_structure=&#8220;1_2,1_2&#8243; _builder_version=&#8220;3.25&#8243; custom_padding=&#8220;27px|0px|27px|0px|false|false&#8220; global_colors_info=&#8220;{}&#8220;][et_pb_column type=&#8220;1_2&#8243; _builder_version=&#8220;3.25&#8243; custom_padding=&#8220;|||&#8220; global_colors_info=&#8220;{}&#8220; custom_padding__hover=&#8220;|||&#8220;][et_pb_image src=&#8220;https://test.institut-frei-raum.ch/wp-content/uploads/2022/02/reading-3355230_1920.jpg&#8220; title_text=&#8220;reading-3355230_1920&#8243; align=&#8220;right&#8220; align_tablet=&#8220;center&#8220; align_phone=&#8220;center&#8220; align_last_edited=&#8220;on|desktop&#8220; _builder_version=&#8220;4.14.7&#8243; animation_style=&#8220;fade&#8220; global_colors_info=&#8220;{}&#8220;][/et_pb_image][et_pb_text _builder_version=&#8220;4.14.7&#8243; _module_preset=&#8220;default&#8220; text_text_color=&#8220;#000000&#8243; header_text_color=&#8220;#000000&#8243; hover_enabled=&#8220;0&#8243; global_colors_info=&#8220;{}&#8220; sticky_enabled=&#8220;0&#8243; text_font_size=&#8220;16px&#8220;]</p>
<h3>Ausbildungen in ThetaHealing</h3>
<ul>
<li>DNA 1 Practitioner &amp; Lehrer</li>
<li>DNA 2 Practitioner &amp; Lehrer</li>
<li>DNA 3 Practitioner</li>
<li>Grabe tiefer Practitioner &amp; Lehrer</li>
<li>Wohlstandsbewusstsein Practitioner</li>
<li>Seelenpartner 1+2 Practitioner &amp; Lehrer</li>
<li>Manifestieren und Überfluss Practitioner &amp; Lehrer</li>
<li>Intuitive Anatomie Practitioner</li>
<li>Weltenbewusstsein Practitioner</li>
<li>Du und Deine Bessere Hälfte Practitioner &amp; Lehrer</li>
<li>Du und der Schöpfer Practitioner &amp; Lehrer</li>
</ul>
<ul></ul>
<p>[/et_pb_text][/et_pb_column][et_pb_column type=&#8220;1_2&#8243; _builder_version=&#8220;3.25&#8243; custom_padding=&#8220;80px|||&#8220; custom_padding_tablet=&#8220;0px|||&#8220; custom_padding_phone=&#8220;0px|||&#8220; custom_padding_last_edited=&#8220;on|tablet&#8220; global_colors_info=&#8220;{}&#8220; padding_tablet=&#8220;0px|||&#8220; padding_last_edited=&#8220;on|tablet&#8220; custom_padding__hover=&#8220;|||&#8220; padding_phone=&#8220;0px|||&#8220;][et_pb_text _builder_version=&#8220;4.14.7&#8243; text_font=&#8220;||||||||&#8220; text_text_color=&#8220;#000000&#8243; text_font_size=&#8220;16px&#8220; text_line_height=&#8220;2em&#8220; header_font=&#8220;||||||||&#8220; header_2_font=&#8220;||||||||&#8220; header_3_font=&#8220;Montserrat||||||||&#8220; header_3_line_height=&#8220;1.4em&#8220; header_5_font=&#8220;||||||||&#8220; header_5_text_color=&#8220;#7f8dff&#8220; header_5_line_height=&#8220;2em&#8220; max_width=&#8220;700px&#8220; hover_enabled=&#8220;0&#8243; header_2_font_size_phone=&#8220;30px&#8220; header_2_font_size_last_edited=&#8220;off|desktop&#8220; locked=&#8220;off&#8220; global_colors_info=&#8220;{}&#8220; sticky_enabled=&#8220;0&#8243;]</p>
<h3>Ausbildungen in Naturheilkunde</h3>
<ul>
<li>Med. Massage, physikalisch-therapeutische Anwendungen am ganzen Körper, Wirbelsäulenbehandlung, Fussreflexzonentherapie (FRZ), Sportbetreuer Bindegewebsmassage nach Dicke, bei CELLSAN® (CH)</li>
<li>Kant. appr. Heilpraktiker an der NVS Schule (CH)</li>
<li>Akupunktur, chin. Pharmakologie, Tuina, Tai Qi Qi Gong am ABZ Süd der AgTCM® Bruno Steiner, Johann Wittmann (D)</li>
<li>Komplexhomöopathie, Pathophysiognomie und Biotensor bei Natale Ferronato (CH)</li>
<li>Neuraltherapie nach Hunecke bei Dr. med. Rainer Wander (D)</li>
<li>Ohrakupunktur bei Günther Lange (D)</li>
<li>Geistheilung, Heilmagnetismus, Runenlehre, Alpha-dynamisations Training, Autogenes Training spped mental Power Training an der SMPT Akademie® T. N. Büchel (CH)</li>
<li>APM nach Penzel, Gelenkrichtkunst bei Emil Peter (A)</li>
<li>Erwachsenenbildner SVEB® bei TRIEDUCATION (CH)</li>
<li>Psychosomatk bei Dr. med. Ruediger Dahlke (A)</li>
<li>Diätetik und Hauterkrankungen bei Dr. med. Jason Uchida Hawaii (HI)</li>
<li>TCM, Bereich Fertilität und Gynäkologie bei Dr. med. Edde Uchida Hawaii (HI)</li>
<li>Metabolic-Balance® Betreuer, Dr. med. Wolf Funfack (D)</li>
<li>Dorn-Therapie bei Bodyfeet (CH)</li>
<li>Phytoterapie bei Jo Marti (CH)</li>
<li>Schüssler-Salze bei Jo Marti (CH)</li>
<li>ThetaHealing® bei Vianna Stibal</li>
<li>Gemmo-Tehrapie bei Louis Hutter (CH)</li>
<li>Integrale Medizin bei Dr. Ruediger Dahlke (A)</li>
<li>Fastenbegleiter bei Dr. Ruediger Dahlke (A)</li>
</ul>
<p>[/et_pb_text][/et_pb_column][/et_pb_row][/et_pb_section]</p>

<p>Meine Geschichte Ich bin Vater von 3 erwachsenen Kindern und sehr glücklich, seit mehr als 35 Jahren meine Berufung leben zu dürfen. Schon in der Lehre zum Schreiner spürte ich die Kraft der Gedanken und ihren Einfluss auf den Körper. Während gut 10 Jahren als Leistungssportler weckten mentale Trainingsmethoden sowie naturheilkundliche Therapien mein Interesse. Viele, [&hellip;]</p>
